{"id":4479,"date":"2018-05-25T16:21:08","date_gmt":"2018-05-25T14:21:08","guid":{"rendered":"https:\/\/xn--adal-oza.net\/?page_id=4479"},"modified":"2022-11-01T10:53:12","modified_gmt":"2022-11-01T08:53:12","slug":"thesis","status":"publish","type":"page","link":"https:\/\/xn--adal-oza.net\/?page_id=4479&lang=en","title":{"rendered":"Thesis"},"content":{"rendered":"\n<p>Some of the theses that I have consulted on DDI are in this section.<\/p>\n\n\n\n<h3 class=\"wp-block-heading\">Master Thesis<\/h3>\n\n\n\n<ul class=\"wp-block-list\"><li>Correction of Spelling Errors <a href=\"https:\/\/xn--adal-oza.net\/wp-content\/uploads\/2019\/04\/Aynur_Delibas.pdf\">(Aynur Deliba\u015f)<\/a><\/li><li>The Method of Reaching the Root Without a Dictionary <a href=\"https:\/\/xn--adal-oza.net\/wp-content\/uploads\/2019\/04\/S\u00f6zl\u00fcks\u00fcz-K\u00f6ke-Ula\u015fma-Y\u00f6ntemi.pdf\">(G\u00fcl\u015fen Cebiro\u011flu)<\/a><\/li><li>The Meanings of Suffixes in Turkish <a href=\"https:\/\/xn--adal-oza.net\/wp-content\/uploads\/2019\/04\/TEZ_Tugba_Mahcup.pdf\">(Tu\u011fba Mah\u00e7up)<\/a><\/li><li>Morphological Find Replace <a href=\"https:\/\/xn--adal-oza.net\/wp-content\/uploads\/2019\/04\/Bi\u00e7imbirimsel-Bul-De\u011fi\u015ftir.pdf\">(Figen \u015eent\u00fcrk)<\/a><\/li><li>Morphological Disambiguation for Turkish <a href=\"https:\/\/xn--adal-oza.net\/wp-content\/uploads\/2019\/04\/\u0130lknur-Tez.pdf\">(\u0130lknur Karadeniz)<\/a><\/li><li>Time Expression <a href=\"https:\/\/xn--adal-oza.net\/wp-content\/uploads\/2019\/04\/thesis.pdf\">(Tuba G\u00fcm\u00fc\u015f)<\/a><\/li><li>Turkish Morphological Disambiguation using\u00a0Multiple Conditional Random fields <a href=\"https:\/\/xn--adal-oza.net\/wp-content\/uploads\/2019\/04\/tez-elin.pdf\">(Razieh Ehsani)<\/a><\/li><li>Finding Elements of Turkish Sentences <a href=\"https:\/\/xn--adal-oza.net\/wp-content\/uploads\/2019\/04\/Nilay_tez.pdf\">(Nilay <\/a><a href=\"https:\/\/xn--adal-oza.net\/wp-content\/uploads\/2022\/11\/Nilay-Tez.pdf\">Co\u015fkun<\/a><a href=\"https:\/\/xn--adal-oza.net\/wp-content\/uploads\/2019\/04\/Nilay_tez.pdf\">)<\/a><\/li><li>Labeling of Turkish Texts <a href=\"https:\/\/xn--adal-oza.net\/wp-content\/uploads\/2019\/04\/Seda-tez-POS-tag.pdf\">(Seda Kazk\u0131l\u0131n\u00e7)<\/a><\/li><\/ul>\n\n\n\n<h3 class=\"wp-block-heading\">PhD Thesis<\/h3>\n\n\n\n<ul class=\"wp-block-list\"><li>Dependency Parsing of Turkish <a href=\"https:\/\/xn--adal-oza.net\/wp-content\/uploads\/2019\/04\/Gulsen-Eryigit-PhD-Thesis.pdf\">(G\u00fcl\u015fen Eryi\u011fit)<\/a><\/li><li>A Hybrid Model for Machine Translation between Agglutinative and Related Languages <a href=\"https:\/\/xn--adal-oza.net\/wp-content\/uploads\/2019\/04\/C\u00fcneyd.pdf\">(C\u00fcneyd Tantu\u011f)<\/a><\/li><li>Machine Translation Between Uyghur Language and Turkish <a href=\"https:\/\/xn--adal-oza.net\/wp-content\/uploads\/2019\/04\/Murat-tez.pdf\">(Murat Orhun)<\/a><\/li><li>Word Sense Disambiguation for Turkish <a href=\"https:\/\/xn--adal-oza.net\/wp-content\/uploads\/2019\/04\/Bahar-\u0130lgen.pdf\">(Bahar \u0130lgen)<\/a><\/li><li>Grammatical and Semantic Analysis of Turkish Sentence Based on Predicate <a href=\"https:\/\/xn--adal-oza.net\/wp-content\/uploads\/2019\/04\/Tez-\u0130lknur.pdf\">(\u0130lknur D\u00f6nmez)<\/a><\/li><li>Building of Turkish Propbank and Semantic Role Labeling of Turkish <a href=\"https:\/\/xn--adal-oza.net\/wp-content\/uploads\/2019\/04\/tez.pdf\">(G\u00f6zde G\u00fcl \u015eahin)<\/a><\/li><\/ul>\n","protected":false},"excerpt":{"rendered":"<p>Some of the theses that I have consulted on DDI are in this section. Master Thesis Correction of Spelling Errors (Aynur Deliba\u015f) The Method of Reaching the Root Without a Dictionary (G\u00fcl\u015fen Cebiro\u011flu) The Meanings of Suffixes in Turkish (Tu\u011fba Mah\u00e7up) Morphological Find Replace (Figen \u015eent\u00fcrk) Morphological Disambiguation for Turkish (\u0130lknur Karadeniz) Time Expression (Tuba &hellip; <\/p>\n<p class=\"link-more\"><a href=\"https:\/\/xn--adal-oza.net\/?page_id=4479&#038;lang=en\" class=\"more-link\">Okumaya devam et<span class=\"screen-reader-text\"> &#8220;Thesis&#8221;<\/span><\/a><\/p>\n","protected":false},"author":1,"featured_media":0,"parent":4461,"menu_order":0,"comment_status":"open","ping_status":"open","template":"","meta":{"footnotes":""},"class_list":["post-4479","page","type-page","status-publish","hentry"],"_links":{"self":[{"href":"https:\/\/xn--adal-oza.net\/index.php?rest_route=\/wp\/v2\/pages\/4479","targetHints":{"allow":["GET"]}}],"collection":[{"href":"https:\/\/xn--adal-oza.net\/index.php?rest_route=\/wp\/v2\/pages"}],"about":[{"href":"https:\/\/xn--adal-oza.net\/index.php?rest_route=\/wp\/v2\/types\/page"}],"author":[{"embeddable":true,"href":"https:\/\/xn--adal-oza.net\/index.php?rest_route=\/wp\/v2\/users\/1"}],"replies":[{"embeddable":true,"href":"https:\/\/xn--adal-oza.net\/index.php?rest_route=%2Fwp%2Fv2%2Fcomments&post=4479"}],"version-history":[{"count":4,"href":"https:\/\/xn--adal-oza.net\/index.php?rest_route=\/wp\/v2\/pages\/4479\/revisions"}],"predecessor-version":[{"id":9002,"href":"https:\/\/xn--adal-oza.net\/index.php?rest_route=\/wp\/v2\/pages\/4479\/revisions\/9002"}],"up":[{"embeddable":true,"href":"https:\/\/xn--adal-oza.net\/index.php?rest_route=\/wp\/v2\/pages\/4461"}],"wp:attachment":[{"href":"https:\/\/xn--adal-oza.net\/index.php?rest_route=%2Fwp%2Fv2%2Fmedia&parent=4479"}],"curies":[{"name":"wp","href":"https:\/\/api.w.org\/{rel}","templated":true}]}}