{"id":4580,"date":"2018-05-25T16:40:27","date_gmt":"2018-05-25T14:40:27","guid":{"rendered":"https:\/\/xn--adal-oza.net\/?page_id=4580"},"modified":"2018-06-12T17:59:01","modified_gmt":"2018-06-12T15:59:01","slug":"china","status":"publish","type":"page","link":"https:\/\/xn--adal-oza.net\/?page_id=4580&lang=en","title":{"rendered":"China"},"content":{"rendered":"<table style=\"text-align: center;\" border=\"0\" width=\"100%\" cellspacing=\"0\" cellpadding=\"0\">\n<colgroup>\n<col width=\"%25\" \/>\n<col width=\"%25\" \/>\n<col width=\"%25\" \/>\n<col width=\"%25\" \/> <\/colgroup>\n<tbody>\n<tr>\n<td style=\"background: transparent url('http:\/\/picasaweb.google.com.tr\/s\/c\/transparent_album_background.gif') no-repeat scroll left center; height: 200px;\" align=\"center\"><a href=\"https:\/\/goo.gl\/photos\/aWvFZyn4KxHL92x87\"><img loading=\"lazy\" decoding=\"async\" class=\"aligncenter\" title=\"\u00c7in seddi\" src=\"http:\/\/lh4.ggpht.com\/_B_fflTqSvdo\/S3GuSlcYO8I\/AAAAAAAAAQw\/RDnOKiITJq4\/s128\/ak-Cin%20Seddi%20%2809%29.JPG\" alt=\"\" width=\"180\" height=\"120\" \/><\/a><\/td>\n<td style=\"background: transparent url('http:\/\/picasaweb.google.com.tr\/s\/c\/transparent_album_background.gif') no-repeat scroll left center; height: 200px;\" align=\"center\"><a href=\"https:\/\/goo.gl\/photos\/a1PEcbCPHUwndCmn6\"><img loading=\"lazy\" decoding=\"async\" class=\"aligncenter\" title=\"Pekin\" src=\"http:\/\/lh3.ggpht.com\/_B_fflTqSvdo\/S3GwJfwcD4I\/AAAAAAAAAk8\/rQ3-hHMd_kc\/s128\/bk-Tian%27anmen%20%2809%29.JPG\" alt=\"\" width=\"180\" height=\"120\" \/><\/a><\/td>\n<td style=\"background: transparent url('http:\/\/picasaweb.google.com.tr\/s\/c\/transparent_album_background.gif') no-repeat scroll left center; height: 200px;\" align=\"center\"><a href=\"https:\/\/goo.gl\/photos\/t7CHB9s8qWibMzALA\"><img loading=\"lazy\" decoding=\"async\" class=\"aligncenter\" title=\"Jingshan Park\u0131\" src=\"http:\/\/lh5.ggpht.com\/_B_fflTqSvdo\/S3GvJnYRraI\/AAAAAAAAAZw\/nyTtlpduOTw\/s128\/ja-Jingshan%20Parki%20%2809%29.JPG\" alt=\"\" width=\"180\" height=\"120\" \/><\/a><\/td>\n<td style=\"background: transparent url('http:\/\/picasaweb.google.com.tr\/s\/c\/transparent_album_background.gif') no-repeat scroll left center; height: 200px;\" align=\"center\"><a href=\"https:\/\/goo.gl\/photos\/ZbyVNhNhuxBVJfeT9\"><img loading=\"lazy\" decoding=\"async\" class=\"aligncenter\" title=\"Ming Mezarl\u0131\u011f\u0131\" src=\"http:\/\/lh3.ggpht.com\/_B_fflTqSvdo\/S3GunGJZeAI\/AAAAAAAAAT8\/ik1zpx_n9do\/s128\/aa-%20Ming%27in%20Mezari%20%2809%29.JPG\" alt=\"\" width=\"180\" height=\"120\" \/><\/a><\/td>\n<\/tr>\n<tr>\n<td style=\"text-align: center; font-family: arial,sans-serif; font-size: 11px;\">\u00c7in Seddi (Great Wall)<\/td>\n<td style=\"text-align: center; font-family: arial,sans-serif; font-size: 11px;\">Pekin<\/td>\n<td style=\"text-align: center; font-family: arial,sans-serif; font-size: 11px;\">Jingshan Park\u0131 (Pekin)<\/td>\n<td style=\"text-align: center; font-family: arial,sans-serif; font-size: 11px;\">Ming Mezar\u0131<\/td>\n<\/tr>\n<tr>\n<td style=\"background: transparent url('http:\/\/picasaweb.google.com.tr\/s\/c\/transparent_album_background.gif') no-repeat scroll left center; height: 200px;\" align=\"center\"><a href=\"https:\/\/goo.gl\/photos\/M5JRz5JF58bCiah58\"><img loading=\"lazy\" decoding=\"async\" class=\"aligncenter\" title=\"Yasakl\u0131 \u015eehir\" src=\"http:\/\/lh3.ggpht.com\/_B_fflTqSvdo\/S3GvYr8Pf-I\/AAAAAAAAAck\/4uTnprP2kpo\/s128\/av-Yasakli%20Sehir%20%2809%29.JPG\" alt=\"\" width=\"180\" height=\"120\" \/><\/a><\/td>\n<td style=\"background: transparent url('http:\/\/picasaweb.google.com.tr\/s\/c\/transparent_album_background.gif') no-repeat scroll left center; height: 200px;\" align=\"center\"><a href=\"https:\/\/goo.gl\/photos\/cvPoMWLL2oU3fWaQ8\"><img loading=\"lazy\" decoding=\"async\" class=\"aligncenter\" title=\"Longhua Tap\u0131na\u011f\u0131\" src=\"http:\/\/lh3.ggpht.com\/_B_fflTqSvdo\/S3GwkKitnsI\/AAAAAAAAAp4\/0oREwawwW9E\/s128\/ao-Longhua%20Tapinagi%20%2809%29.JPG\" alt=\"\" width=\"120\" height=\"180\" \/><\/a><\/td>\n<td style=\"background: transparent url('http:\/\/picasaweb.google.com.tr\/s\/c\/transparent_album_background.gif') no-repeat scroll left center; height: 200px;\" align=\"center\"><a href=\"https:\/\/goo.gl\/photos\/LXR7T7cDamsxFU3cA\"><img loading=\"lazy\" decoding=\"async\" class=\"aligncenter\" title=\"Ye\u015fim Ta\u015f\u0131\" src=\"http:\/\/lh3.ggpht.com\/_B_fflTqSvdo\/S3Gu1VLERDI\/AAAAAAAAAWo\/Nbb8XXiBerw\/s128\/ab-%20Yesim%20Tasi%20%2809%29.JPG\" alt=\"\" width=\"180\" height=\"120\" \/><\/a><\/td>\n<td><a href=\"https:\/\/goo.gl\/photos\/yyDhQznvyVoVukjk8\"><img loading=\"lazy\" decoding=\"async\" class=\"aligncenter\" title=\"Yazl\u0131k Saray (Pekin)\" src=\"http:\/\/lh3.ggpht.com\/_B_fflTqSvdo\/S3Gu6r5b_HI\/AAAAAAAAAXg\/BEeQMkJZYY0\/s128\/ag-%20Yazlik%20Saray%20%2809%29.JPG\" alt=\"\" width=\"180\" height=\"120\" \/><\/a><\/td>\n<\/tr>\n<tr>\n<td style=\"text-align: center; font-family: arial,sans-serif; font-size: 11px;\">Yasakl\u0131 \u015eehir (Pekin)<\/td>\n<td style=\"text-align: center; font-family: arial,sans-serif; font-size: 11px;\">Longhua Tap\u0131na\u011f\u0131 (Pekin)<\/td>\n<td style=\"text-align: center; font-family: arial,sans-serif; font-size: 11px;\">Ye\u015fim Ta\u015f\u0131 (Jade)<\/td>\n<td style=\"text-align: center; font-family: arial,sans-serif; font-size: 11px;\">Yazl\u0131k Saray (Pekin)<\/td>\n<\/tr>\n<tr>\n<td><a href=\"https:\/\/goo.gl\/photos\/UgTGGDSysQ3ykPFT7\"><img loading=\"lazy\" decoding=\"async\" class=\"aligncenter\" title=\"Su Kenti (Yazl\u0131k Saray)\" src=\"http:\/\/lh3.ggpht.com\/_B_fflTqSvdo\/S3Gti5OSYgI\/AAAAAAAAAKM\/LUY-5NywMm4\/s128\/ay-Suzhou%20%2809%29.JPG\" alt=\"\" width=\"180\" height=\"120\" \/><\/a><\/td>\n<td><a href=\"https:\/\/goo.gl\/photos\/bheXrKz8sh9YEGDh9\"><img loading=\"lazy\" decoding=\"async\" class=\"aligncenter\" title=\"Budist Tap\u0131na\u011f\u0131\" src=\"http:\/\/lh6.ggpht.com\/_B_fflTqSvdo\/S3GtooBK5hI\/AAAAAAAAALM\/huPWAQUtYhc\/s128\/ab-%20Tapinak%20%2809%29.JPG\" alt=\"\" width=\"180\" height=\"120\" \/><\/a><\/td>\n<td><a href=\"https:\/\/goo.gl\/photos\/yyDhQznvyVoVukjk8\"><img loading=\"lazy\" decoding=\"async\" class=\"aligncenter\" title=\"Yulan Tang\" src=\"http:\/\/lh5.ggpht.com\/_B_fflTqSvdo\/S3Gty1k8P6I\/AAAAAAAAANI\/1viYzK1Qi1g\/s128\/aa-%20Yulan%20Tang%20%2809%29.JPG\" alt=\"\" width=\"180\" height=\"120\" \/><\/a><\/td>\n<td><a href=\"https:\/\/goo.gl\/photos\/QHQfws5UZRPeUJAW8\"><img loading=\"lazy\" decoding=\"async\" class=\"aligncenter\" title=\"Daxi Lou\" src=\"http:\/\/lh4.ggpht.com\/_B_fflTqSvdo\/S3Gt7aedeGI\/AAAAAAAAAOA\/t9uNyxw2c6Y\/s128\/aa-%20Daxi%20Lou%20%2809%29.JPG\" alt=\"\" width=\"180\" height=\"120\" \/><\/a><\/td>\n<\/tr>\n<tr>\n<td style=\"text-align: center; font-family: arial,sans-serif; font-size: 11px;\">Su Kenti (Yazl\u0131k Saray)<\/td>\n<td style=\"text-align: center; font-family: arial,sans-serif; font-size: 11px;\">Budist Tap\u0131na\u011f\u0131 (Yazl\u0131k Saray)<\/td>\n<td style=\"text-align: center; font-family: arial,sans-serif; font-size: 11px;\">Yulan Tang (Yazl\u0131k Saray)<\/td>\n<td style=\"text-align: center; font-family: arial,sans-serif; font-size: 11px;\">Daxi Lou (Yazl\u0131k Saray)<\/td>\n<\/tr>\n<tr>\n<td><a href=\"https:\/\/goo.gl\/photos\/FhvaFkgTVjtQKbTb8\"><img loading=\"lazy\" decoding=\"async\" class=\"aligncenter\" title=\"Eserler\" src=\"http:\/\/lh5.ggpht.com\/_B_fflTqSvdo\/S3GtPwy1dxE\/AAAAAAAAAIo\/9WBXYWqMrvU\/s144-c\/Eserler.jpg\" alt=\"\" width=\"180\" height=\"180\" \/><\/a><\/td>\n<td><a href=\"https:\/\/goo.gl\/photos\/mqPFNuiLDiKsRytKA\"><img loading=\"lazy\" decoding=\"async\" class=\"aligncenter\" title=\"\u015eangay\" src=\"http:\/\/lh4.ggpht.com\/_B_fflTqSvdo\/S3Gxi3mzvyI\/AAAAAAAAAyk\/f1MQi2CyQDE\/s128\/dn-Sengay%20%2809%29.JPG\" alt=\"\" width=\"180\" height=\"120\" \/><\/a><\/td>\n<td><a href=\"https:\/\/goo.gl\/photos\/HwkP99EuTpHhdWNe7\"><img loading=\"lazy\" decoding=\"async\" class=\"aligncenter\" title=\"Yuyuan Park\u0131\" src=\"http:\/\/lh5.ggpht.com\/_B_fflTqSvdo\/S3GyTyH5FxE\/AAAAAAAAA6o\/MT2yTosVVpI\/s144-c\/Yuyuan_Parki.jpg\" alt=\"\" width=\"180\" height=\"180\" \/><\/a><\/td>\n<td><a href=\"https:\/\/goo.gl\/photos\/zG2AQgmBSvCLh9ui6\"><img loading=\"lazy\" decoding=\"async\" class=\"aligncenter\" title=\"Suzhou\" src=\"http:\/\/lh6.ggpht.com\/_B_fflTqSvdo\/S3GyDeC8u2E\/AAAAAAAAA4s\/H2ZYK_r-0hw\/s144-c\/Suzhou.jpg\" alt=\"\" width=\"180\" height=\"180\" \/><\/a><\/td>\n<\/tr>\n<tr>\n<td style=\"text-align: center; font-family: arial,sans-serif; font-size: 11px;\">Eserler (Yazl\u0131k Saray)<\/td>\n<td style=\"text-align: center; font-family: arial,sans-serif; font-size: 11px;\">\u015eangay<\/td>\n<td style=\"text-align: center; font-family: arial,sans-serif; font-size: 11px;\">Yuyuan Park\u0131 (\u015eangay)<\/td>\n<td style=\"text-align: center; font-family: arial,sans-serif; font-size: 11px;\">Suzhou<\/td>\n<\/tr>\n<tr>\n<td><a href=\"https:\/\/goo.gl\/photos\/ztvFg34WaBcbmjWq6\"><img loading=\"lazy\" decoding=\"async\" class=\"aligncenter\" title=\"Zhouzhuang\" src=\"http:\/\/lh6.ggpht.com\/_B_fflTqSvdo\/S3Gx85rRZiI\/AAAAAAAAA2A\/-akjxh1dgnc\/s128\/bk-Zhouzhuang%20%2809%29.JPG\" alt=\"\" width=\"180\" height=\"120\" \/><\/a><\/td>\n<td><a href=\"https:\/\/goo.gl\/photos\/GzNKrCpqszsjEPKF6\"><img loading=\"lazy\" decoding=\"async\" class=\"aligncenter\" title=\"Yu Bah\u00e7esi\" src=\"http:\/\/lh6.ggpht.com\/_B_fflTqSvdo\/S3Gwt36ezIE\/AAAAAAAAAsw\/sEoUlUJn-uw\/s144-c\/Yu_Bahcesi.jpg\" alt=\"\" width=\"180\" height=\"180\" \/><\/a><\/td>\n<td><a href=\"https:\/\/goo.gl\/photos\/bAhGY2ghDZqGkevz6\"><img loading=\"lazy\" decoding=\"async\" class=\"aligncenter\" title=\"\u015eangay M\u00fczesi\" src=\"http:\/\/lh3.ggpht.com\/_B_fflTqSvdo\/S3KEkdYbPII\/AAAAAAAADBQ\/xGxfH8fFZLM\/s128\/bk-Sengay%20Muzesi%20%2809%29.JPG\" alt=\"\" width=\"120\" height=\"180\" \/><\/a><\/td>\n<td><a href=\"https:\/\/goo.gl\/photos\/8BMmK2tWUvbdScxU6\"><img loading=\"lazy\" decoding=\"async\" class=\"aligncenter\" title=\"\u015eangay Bilim M\u00fczesi\" src=\"http:\/\/lh4.ggpht.com\/_B_fflTqSvdo\/S3GwtB3afwI\/AAAAAAAAArE\/ddWLIcj4jBA\/s128\/an-Bilim%20Muzesi%20%2809%29.JPG\" alt=\"\" width=\"120\" height=\"180\" \/><\/a><\/td>\n<\/tr>\n<tr>\n<td style=\"text-align: center; font-family: arial,sans-serif; font-size: 11px;\">Zhouzhuang<\/td>\n<td style=\"text-align: center; font-family: arial,sans-serif; font-size: 11px;\">Yu Bah\u00e7esi<\/td>\n<td style=\"text-align: center; font-family: arial,sans-serif; font-size: 11px;\">\u015eangay M\u00fczesi<\/td>\n<td style=\"text-align: center; font-family: arial,sans-serif; font-size: 11px;\">\u015eangay Bilim M\u00fczesi<\/td>\n<\/tr>\n<\/tbody>\n<\/table>\n","protected":false},"excerpt":{"rendered":"<p>\u00c7in Seddi (Great Wall) Pekin Jingshan Park\u0131 (Pekin) Ming Mezar\u0131 Yasakl\u0131 \u015eehir (Pekin) Longhua Tap\u0131na\u011f\u0131 (Pekin) Ye\u015fim Ta\u015f\u0131 (Jade) Yazl\u0131k Saray (Pekin) Su Kenti (Yazl\u0131k Saray) Budist Tap\u0131na\u011f\u0131 (Yazl\u0131k Saray) Yulan Tang (Yazl\u0131k Saray) Daxi Lou (Yazl\u0131k Saray) Eserler (Yazl\u0131k Saray) \u015eangay Yuyuan Park\u0131 (\u015eangay) Suzhou Zhouzhuang Yu Bah\u00e7esi \u015eangay M\u00fczesi \u015eangay Bilim M\u00fczesi<\/p>\n","protected":false},"author":1,"featured_media":4326,"parent":4567,"menu_order":0,"comment_status":"open","ping_status":"open","template":"","meta":{"footnotes":""},"class_list":["post-4580","page","type-page","status-publish","has-post-thumbnail","hentry"],"_links":{"self":[{"href":"https:\/\/xn--adal-oza.net\/index.php?rest_route=\/wp\/v2\/pages\/4580","targetHints":{"allow":["GET"]}}],"collection":[{"href":"https:\/\/xn--adal-oza.net\/index.php?rest_route=\/wp\/v2\/pages"}],"about":[{"href":"https:\/\/xn--adal-oza.net\/index.php?rest_route=\/wp\/v2\/types\/page"}],"author":[{"embeddable":true,"href":"https:\/\/xn--adal-oza.net\/index.php?rest_route=\/wp\/v2\/users\/1"}],"replies":[{"embeddable":true,"href":"https:\/\/xn--adal-oza.net\/index.php?rest_route=%2Fwp%2Fv2%2Fcomments&post=4580"}],"version-history":[{"count":2,"href":"https:\/\/xn--adal-oza.net\/index.php?rest_route=\/wp\/v2\/pages\/4580\/revisions"}],"predecessor-version":[{"id":5687,"href":"https:\/\/xn--adal-oza.net\/index.php?rest_route=\/wp\/v2\/pages\/4580\/revisions\/5687"}],"up":[{"embeddable":true,"href":"https:\/\/xn--adal-oza.net\/index.php?rest_route=\/wp\/v2\/pages\/4567"}],"wp:featuredmedia":[{"embeddable":true,"href":"https:\/\/xn--adal-oza.net\/index.php?rest_route=\/wp\/v2\/media\/4326"}],"wp:attachment":[{"href":"https:\/\/xn--adal-oza.net\/index.php?rest_route=%2Fwp%2Fv2%2Fmedia&parent=4580"}],"curies":[{"name":"wp","href":"https:\/\/api.w.org\/{rel}","templated":true}]}}