{"id":4711,"date":"2018-05-25T16:56:02","date_gmt":"2018-05-25T14:56:02","guid":{"rendered":"https:\/\/xn--adal-oza.net\/?page_id=4711"},"modified":"2020-12-11T17:41:58","modified_gmt":"2020-12-11T15:41:58","slug":"macedonia","status":"publish","type":"page","link":"https:\/\/xn--adal-oza.net\/?page_id=4711&lang=en","title":{"rendered":"Macedonia"},"content":{"rendered":"<table style=\"height: 160px;\" width=\"160\">\n<tbody>\n<tr>\n<td valign=\"top\">\n<table style=\"width: 220px;\">\n<tbody>\n<tr>\n<td style=\"background: url('http:\/\/picasaweb.google.com.tr\/s\/c\/transparent_album_background.gif') no-repeat scroll left center transparent; height: 200px;\" align=\"center\"><a href=\"https:\/\/photos.app.goo.gl\/iQSXyw1GHXzNLAxs6\"><img decoding=\"async\" src=\"https:\/\/lh3.googleusercontent.com\/Rh6qIiloBnIGptQbYC9io_wbB9ia0JmW3rZi82z89lGa_YpKzGnlyAyWCN6b-is4TOBJ0hT5adaXS5mLl9QxFkLIIOb-2ME1FROP4NtMINEcT4mf4mWbK0bD3dw1M0kEM25oCxdtoHVwoqVy3F4EyfvTEnZMxusHuu_sTf_zp5VrqXaw2VdjMe2N_bd7gXODN9MpYWxOzAqTEm4sxsHOEOIE01UYMN1j0ByqLnUlOhwaOhrndpsrhkBm-PwmlsB3TmAgmuxuApmNXcyAKnBrRLHTbThTL9WZYJa7tJ7RIjGmFTDNDPuHbgkwYlQR54dBY9TtSz-ER1zBef8WXlryZzMs8IYDORsiw0Q5ku87V7Ce0hxWGkB61bSqVHSZIbSNO0TziquJc100rcIUHFAGs85ul8o4owcDJZC4oDi11F5c5H9Gq7glhxLMJX2fx9Xj0DrJNgDYpKb1VMJNb6e3gm6dOKRpNTe7nTGJuS_t73VhBQgwjzuJNzEHT_f9U5bi6xdid6OIvq5sIxORNpOufUBk4FwNkYVuAyNVTx9LGdDv2izHRU5fSjCykW0Tp0YIogNlOTzNctPIEpNGUyADmRpjocz-8i5BNNkFJxJzqReGNYPX5ygyuBwUVtpWVfYuj9E_tBEKvMizxy50ZDMnbYetyx-EidrD_zFmRr8-TkFrQ0-njeYL4TPUe8GQ=w1135-h757-no?authuser=0\" \/><\/a><\/td>\n<\/tr>\n<tr>\n<td style=\"text-align: center; font-family: arial,sans-serif; font-size: 11px;\">\u00dcsk\u00fcp (2016)<\/td>\n<\/tr>\n<\/tbody>\n<\/table>\n<\/td>\n<td valign=\"top\">\n<table style=\"width: 220px;\">\n<tbody>\n<tr>\n<td style=\"background: url('http:\/\/picasaweb.google.com.tr\/s\/c\/transparent_album_background.gif') no-repeat scroll left center transparent; height: 200px;\" align=\"center\"><a href=\"https:\/\/photos.app.goo.gl\/aspBigjfGcVmfdBS9\"><img decoding=\"async\" src=\"https:\/\/lh3.googleusercontent.com\/c1_bfblL42yruBkzKnTstP0JIytKFs8qx2k-AnshuU_XAtkVwkXpKkciAO52LdiNDj__v_yNiP2m3C4Hv6Bj8iIcEzswAj_5-mZkuK2wi5-ILUGsr6Sgs0w3P1apMiiYsJMPHWheiArVey2fTWIZ7suYs-qZtkJ5LJnwG1g-CsvGjG-IeP_MrnZ_aar9uM1d6it5rtVdu4NRs-V-KnL38q55-m5GLtMfOXXH3wJBanfdOeV1JTyzPutQckS2nuA-sZhcpjhV6XPDJtO3eMnyMV_V1ir5u2bS-f7W1GDX7ljE6dzst2KP6YkEdvFIw-S4sFjYgpFbrCbYVt2jb_afbiFQ94N0BU7QXbMY7yjgOLXQOBvGVfJgjY-m4PrFt3xrB07jD_atFTOM8EY8W349EMm1azlvA3o1mFiSqo_3Kmx8hNMxoh6REuW3cAqMu3qbecbPYFIYytxW0EK2FvwbT7gP0qZ6oXSSZdkoW3FMNSRuo66pGx3WZtXYKjiKrlysmiZirbTgMN0y8txqwHt1Ke26dLOSbf0mRpcCyILllKisBcQ0BuXUCdf1-_NLM4O6HcDbMPoOsx80un5eF-Gic4jk9TAlqEY91-5ZMRaDqW5UHGQqQ2fTq_IGZ4UP604ncjFmUYjfaNmAMoZ-F13RmHU2cZZ8KAYRrqw9H4E19Rdfqb8nkguqUcu5gF5Y=w1135-h757-no?authuser=0\" \/><\/a><\/td>\n<\/tr>\n<tr>\n<td style=\"text-align: center; font-family: arial,sans-serif; font-size: 11px;\">Matka \u00dcsk\u00fcp (2016)<\/td>\n<\/tr>\n<\/tbody>\n<\/table>\n<\/td>\n<td valign=\"top\">\n<table style=\"width: 220px;\">\n<tbody>\n<tr>\n<td style=\"background: url('http:\/\/picasaweb.google.com.tr\/s\/c\/transparent_album_background.gif') no-repeat scroll left center transparent; height: 200px;\" align=\"center\"><a href=\"https:\/\/photos.app.goo.gl\/SdMTWwUEa6kq5Ee19\"><img decoding=\"async\" src=\"https:\/\/lh3.googleusercontent.com\/pYhc2KI2rn56H6R96HpNXRVKlmW24PH1mTsDPv6ZcOcDBXzLbkcxbiLlzNGf5FbdfmaWmxIX5ENfafuhQAMn1t2QQgfFSjgf3W4rr_p-HAk-iNwGmAAALVeAy2El-_FI3j7TCjJWS_jS_E3mz-SZ6kBX9xDgmdZf2gpL8RJ5bQrFEZlBGHEvHnf5e7y-GuC8eqbLZH3ytuTQvX_Ne6j6KYyZIO12bTus36qWLZ9sLMv_1ZdWOJjD2W6A-27sA_gaEKCuiasR9vbpg6nDPb2UORxETXYZuDovt0cZvefFvc24xtGRkAL2wDju2ucROz4-BLmsZGZZ3wPLv1oZw0Ciu_Ysvd0ybWgDkMnHJaHFtdivnE-0r6TB0YjTkCl4SrbDJ_smL_5sDoMC3u5YPgpIcH9B4Np5gaLIidHz7RhAXCZnGsrQuXWf7y5DhEyFK0msx_4M0e8G_Wdyj33CaFMnb8Gh45TA9AfHvCCKB5v7-CcYHOIuBQyty_kzqeC7hDN9uXN0cA_T2Eupo7YtpE1UMfmjtcXBDSXBX_VRN4YC7kJtIcezSYH9NcVkltSnt35MIPKp1yuzoSrlkFDVWOFRG6u_ekrkxzxFazyp0bsaiRbbZyQd6cpLNK_whdgN9LNbcWiMHSvj1SFFOY-Y3LDY1ojNZ2ktLNVCTibM5HJoPApr6UDr6RGF8_ojdyCo=w1135-h757-no?authuser=0\" \/><\/a><\/td>\n<\/tr>\n<tr>\n<td style=\"text-align: center; font-family: arial,sans-serif; font-size: 11px;\">St. John Bigorski Manast\u0131r\u0131 (2016)<\/td>\n<\/tr>\n<\/tbody>\n<\/table>\n<\/td>\n<td valign=\"top\">\n<table style=\"width: 220px;\">\n<tbody>\n<tr>\n<td style=\"background: url('http:\/\/picasaweb.google.com.tr\/s\/c\/transparent_album_background.gif') no-repeat scroll left center transparent; height: 200px;\" align=\"center\"><a href=\"https:\/\/photos.app.goo.gl\/CzTPcoHos215P7668\"><img decoding=\"async\" src=\"https:\/\/lh3.googleusercontent.com\/qA--epcOcst0MzIe1cveS2NtdUt6MmUgtMgIvIdhV8VIL-CDLia6pGAkMN75rg4FnzPGl5Z9PqB2Y6hbMHU254t6Ugl-QZf46rfZz1qYiO0P_Qu35RRswk718-ohMGVLqyx7mk_Fzlqhi0givDveIe91QDksQErIqCo8dI_PqRmcp3KpJkJaz51a8WttDtJk8j9-Gv2aL9f95VyxdUo4y_XQottqwlJV8ju52OMnWJIsgoNOKKF57Kg1CQUGTARRFxX2RznNJ3Xd6CW50IMLubtU_NTVr38ZdJhEjothC-_ACjq-h57K5Ldnlkj6TzhtAMxl9B53GJWR-5N8iAdVUlcDKiQVSpcsxjPJW11umPIsuHM0YGje5o9UrGnk6cXjilqojFpQFfR-ypGiDqnHq3DkveHf8I_8F4wNAlB1vERSbOXE8epPoCUpfY8-uoFEaFZENy-Jm-2ZN1ADFM8DbU1PgUoxzMQCsgwMs_CLrpZv4Txa3Q3tN_7xqi4483tE_y5CkutFkX36ATgoBBAfkWlL_Oe3LKPwzbaSNYENMPaKdmwap8SuUDa3mOzevm7TR0g_cTZ9vAGJu1UK9WyWA6LdhudFemQICF1LjWh1SNc_gERpi-nwbJgPUsx7Wgkw-4W5jWhoWuUsp6t92zSNZU9giCWWRnwAM6skJ5kvmTeDDsTNAlQPLUnGIhyt=w1135-h757-no?authuser=0\" \/><\/a><\/td>\n<\/tr>\n<tr>\n<td style=\"text-align: center; font-family: arial,sans-serif; font-size: 11px;\">Mavrova G\u00f6l\u00fc (2016)<\/td>\n<\/tr>\n<\/tbody>\n<\/table>\n<\/td>\n<\/tr>\n<tr>\n<td valign=\"top\">\n<table style=\"width: 220px;\">\n<tbody>\n<tr>\n<td style=\"background: url('http:\/\/picasaweb.google.com.tr\/s\/c\/transparent_album_background.gif') no-repeat scroll left center transparent; height: 200px;\" align=\"center\"><a href=\"https:\/\/photos.app.goo.gl\/CBXEVSf3kfSb1gHP9\"><img decoding=\"async\" src=\"https:\/\/lh3.googleusercontent.com\/pw\/ACtC-3fK_jqnbst7xlxb9f_QGRYUZjKK1o0RfBW0_79QmH_J9J_U9-VrlpRRG9g1YhpPSyatXAnljsk8OLxsMnjYZbjs7VjS83Io4a5_4ylE0WobZEiwft3nKVnJsIXFBvDayVTFXXTd4AGMfcyo5nSzw0Hc=w1135-h757-no?authuser=0\" \/><\/a><\/td>\n<\/tr>\n<tr>\n<td style=\"text-align: center; font-family: arial,sans-serif; font-size: 11px;\">Struga (2016)<\/td>\n<\/tr>\n<\/tbody>\n<\/table>\n<\/td>\n<td valign=\"top\">\n<table style=\"width: 220px;\">\n<tbody>\n<tr>\n<td style=\"background: url('http:\/\/picasaweb.google.com.tr\/s\/c\/transparent_album_background.gif') no-repeat scroll left center transparent; height: 200px;\" align=\"center\"><a href=\"https:\/\/photos.app.goo.gl\/LKsP2eyrfeJ2SFHA7\"><img decoding=\"async\" src=\"https:\/\/lh3.googleusercontent.com\/pw\/ACtC-3f1HFJD3wnfUOzz_3SeOLxBreamfAJ_izhyAMGG3sLCayzHZwijM05s41KhAbay_kbhFnSMxV8TCAqAVoW3I_fE2CNqiUeq4l4jBsGHWbJ4Fb0JkoHA8QpLh70XEaQs35khWD7IKCOTgIeeo_HuJFNy=w1135-h757-no?authuser=0\" \/><\/a><\/td>\n<\/tr>\n<tr>\n<td style=\"text-align: center; font-family: arial,sans-serif; font-size: 11px;\">Ohrid (2016)<\/td>\n<\/tr>\n<\/tbody>\n<\/table>\n<\/td>\n<td valign=\"top\">\n<table style=\"width: 220px;\">\n<tbody>\n<tr>\n<td style=\"background: url('http:\/\/picasaweb.google.com.tr\/s\/c\/transparent_album_background.gif') no-repeat scroll left center transparent; height: 200px;\" align=\"center\"><a href=\"https:\/\/photos.app.goo.gl\/GeL36bmYVZ2b3Wuq5\"><img decoding=\"async\" src=\"https:\/\/lh3.googleusercontent.com\/pw\/ACtC-3dk72wJo44J8fnIdR92X2wDQiuE_WxKAqwK55RijZ-ZoZD5T2HMrEaqBWovEiugt3rSJTEyXavUU1l4c5PEXCmAU78yBDhPJ7mzq6-Ju_uhK9DXdKkytPAT-Z902l7sIOl_XSfd13UkDAHuRGOQnF6m=w1135-h757-no?authuser=0\" \/><\/a><\/td>\n<\/tr>\n<tr>\n<td style=\"text-align: center; font-family: arial,sans-serif; font-size: 11px;\">Naum Manast\u0131r\u0131 (2016)<\/td>\n<\/tr>\n<\/tbody>\n<\/table>\n<\/td>\n<td valign=\"top\">\n<table style=\"width: 220px;\">\n<tbody>\n<tr>\n<td style=\"background: url('http:\/\/picasaweb.google.com.tr\/s\/c\/transparent_album_background.gif') no-repeat scroll left center transparent; height: 200px;\" align=\"center\"><a href=\"https:\/\/photos.app.goo.gl\/okQve5LgRAGanj6X8\"><img decoding=\"async\" src=\"https:\/\/lh3.googleusercontent.com\/pw\/ACtC-3elhbn_qtX_tiY-ExyfYezSH-iE5O4NWAKQp9eUHq_IUsxoqKAEMuefi2fi4a_YmiijSL-NqDrOcdls9ZWUtcE5ehKwpy1w_8f__16HdlckWveY9suPCgYAZefoCvw4FnjO3W0JlO2kTb_hOggbvBpL=w1135-h757-no?authuser=0\" \/><\/a><\/td>\n<\/tr>\n<tr>\n<td style=\"text-align: center; font-family: arial,sans-serif; font-size: 11px;\">Vevcani (2016)<\/td>\n<\/tr>\n<\/tbody>\n<\/table>\n<\/td>\n<\/tr>\n<tr>\n<td valign=\"top\">\n<table style=\"width: 220px;\">\n<tbody>\n<tr>\n<td style=\"background: url('http:\/\/picasaweb.google.com.tr\/s\/c\/transparent_album_background.gif') no-repeat scroll left center transparent; height: 200px;\" align=\"center\"><a href=\"https:\/\/photos.app.goo.gl\/VVxPFWjbNVtdeZXEA\"><img decoding=\"async\" src=\"https:\/\/lh3.googleusercontent.com\/c-spJ1-PqvuZN3zKLNGLTfINbJn-Oqtw8UsvnpKlGEkmRihmnTOxYxVjgp4d9NEGHGpp46jsCBHyYPVcWcqtUiW0kbYLTaLdjXBkqPmFyQHmMCkHNwyCznZo0qoDTgWi9lQJsXviHWcUQxIStbOrJ1vrMwRvRki7Wyw_gxHIZ1sCIA00HzQbQ9XpphoxitwTKirbJScE2KHEf1qhVBQFdLewNcF9c3hlwKN31gyjAOblpvYlaxmHeakoLpaqsHp_Fz3Bap6JZgZCjcnOL7m4mWgnVqhqL79MG1JbfwDrGwQhOC6JTBrKqNIhqgnMwafbtEJSX28Wo7iv3KWENCr0GPWI4ddZSWhdP3pByYWkf7g3sjT8FIyerDzT3oJVQfGj5BsMHLR7vcPDnWhIElYACehjn2tXM5RdkNzy8sVaCKNsu4lfyWxaG603Kftnz4rJi_Ir8OAgw5Tlrenhx5il6gbYa-hmPOZIf0Ae6_Fw3R7M9mezWADAjfJxI1T2cM-g91zIzGsOdSQ88NjbZTiEfUeOM-wcDyAtEaP5eo-vlRmCd-KLtw5SKvSLfS_AC_jyshYtcKwgaUvNcGahJ36z0A9PjpPNgOMGuMGnEDCT8K4rwJM7bQrkbpxL6Iq3mYcoPxHkntSg0N9lNpZ-pH_hoEvhbrZgubNfD1Wn41HZEDxQJhCFdhNdpMskkeM7=w1135-h757-no?authuser=0\" \/><\/a><\/td>\n<\/tr>\n<tr>\n<td style=\"text-align: center; font-family: arial,sans-serif; font-size: 11px;\">Manast\u0131r (Bitola) (2016)<\/td>\n<\/tr>\n<\/tbody>\n<\/table>\n<\/td>\n<td valign=\"top\">\n<table style=\"width: 220px;\">\n<tbody>\n<tr>\n<td style=\"background: url('http:\/\/picasaweb.google.com.tr\/s\/c\/transparent_album_background.gif') no-repeat scroll left center transparent; height: 200px;\" align=\"center\"><a href=\"https:\/\/photos.app.goo.gl\/9kJQpcKRsaLgkUjK9\"><img decoding=\"async\" src=\"https:\/\/lh3.googleusercontent.com\/2PsH_DVK6Bc0x3Ml6_izq3og8HCC8LaW8-rsDwyF7VTnumZVgw5fdSx0zjm18ulmNwaIoOUcPU4BRSYN5QTrRece3i6gx0DYiwg0VQFN4wUlPgnTkB2ODkLkjgA_PxU6EJKdIyLUVz3QQkIV20jRZuGsYaIUNwN_yn2ud07LsmXrCE3uDegkQi7IjZX5VRu62FXvFsuAjQjABtDdEXvVEbfQ8wKqRErKxAfususDp0MXaZWS570h2IToCX0wBsouQyYdTaJCJRlAPxWU1uVnHczNseIoROYVGYYy-pMuglbYP2oM4xkGqkFi7AWxVT50jymsSReL26WlPNVbyva2-uT4Moh79AK9-O100VU_BPxX9LvyaPKxw40hYA6mvpTNJ4M6ByoOSTpyn2zcYFkt9kYcWVoafBvlacgzKEblFHrHxzZj7ruR8jbC1fsL5CHXZ4oYjcDSJdHRYLU8HsKrGvO3bFUHU9HO89xqX12skoTd37zmD2B5UOOQKH6mlab3dCaN8K58djrZChdSNMTD-C95raQxu4lRZj88waqESRMC1sjbtKJbHD4GyuHWYpTSenf-IarGjkEeISfJlPDC67VLQQpo7MoFO3zezgXGtnNylkZpL4PwVC9bvMLRcaHcELLljKBnhv194B0pbK_aRsM3l67ol7UXqNG9o-4yvxzDoP4zXybwSgF8e-UR=w1135-h757-no?authuser=0\" \/><\/a><\/td>\n<\/tr>\n<tr>\n<td style=\"text-align: center; font-family: arial,sans-serif; font-size: 11px;\">Manast\u0131r \u0130dadisi (2016)<\/td>\n<\/tr>\n<\/tbody>\n<\/table>\n<\/td>\n<td valign=\"top\">\n<table style=\"width: 220px;\">\n<tbody>\n<tr>\n<td style=\"background: url('http:\/\/picasaweb.google.com.tr\/s\/c\/transparent_album_background.gif') no-repeat scroll left center transparent; height: 200px;\" align=\"center\"><a href=\"https:\/\/photos.app.goo.gl\/fU9t9oKkaY33hTRJ9\"><img decoding=\"async\" src=\"https:\/\/lh3.googleusercontent.com\/SF2S61VFAsLD7zxIeNjSVPsqhpTohRMoCDphxjqDUYkfk4IgyNPNZCyKPasR0g-V14LlO8aJDS_n9hVsTABMfj30shdPY18lawh1h0k7C5HVXg3N8quxefwYZCYO9rgV9JW8upr4vm7P-67S3-RYGEhVh6rn1WBoz2KH_Mo-P4epHQN74gOQ2y9z6ZBECOyi-3nh3v4iIPgW_-ACKNe1O8gENKGhwDSJlWHDYdf45OmOq50T7QLmXdLMbp6RA71DPfiMgpT6mGrm3WM-dT8sNbKl8DXv5oTyaNov3G75uwJDpF8a9wqxpSfhC7aG3NOLNXuH7McSfgn4AupR_RFXoqpEH6GmAC9cAOIYHabCQEw9Ic6HAKDoXppO8mlG7kw7yQU208KK0BQmQphZvZjyj547V3ccbdBPiFrLoMb5HjYdW43I_ZSZdEfcR0U0AQj41gaseD1WPeDrF7Uzz3kgEpqDhwBSkE4sdIJsNV-EAX1g29SnQvCxJ_tCd8NGs1iLOyqEV-6aZO3nuktx6nV2fW0jlLkGmTqHY2LGWqN_NNOkUzIrZesedaZvko_v1ZOCsjl4uRq4Qehg5EkNUXMYEte6KOe6jYXpDCDdiQSr9_DLV6iuRhHJUb1gsrdxLiy7XpXpcxg7o6TIUKnqrE_ZOAk95-UtT9CxP9xef5Ao4TVAZ9-hJY-mg5GKgKGM=w1142-h757-no?authuser=0\" \/><\/a><\/td>\n<\/tr>\n<tr>\n<td style=\"text-align: center; font-family: arial,sans-serif; font-size: 11px;\">Manast\u0131r M\u00fczesi (2016)<\/td>\n<\/tr>\n<\/tbody>\n<\/table>\n<\/td>\n<td valign=\"top\">\n<table style=\"width: 220px;\">\n<tbody>\n<tr>\n<td style=\"background: url('http:\/\/picasaweb.google.com.tr\/s\/c\/transparent_album_background.gif') no-repeat scroll left center transparent; height: 200px;\" align=\"center\"><a href=\"https:\/\/photos.app.goo.gl\/u1FP8KWASZxq6zoq5\"><img decoding=\"async\" src=\"https:\/\/lh3.googleusercontent.com\/lsthx2oAzHGlG_-6L2YeGnhMvFf4xz9bZIruD-CV5DAtbevzylXRaULrEkNjtrjjFp6wML2_32bIAY-GPxf9vMkTDrPSC699XGatH--AAy8velr876aNvcGKhHIE0Oxwt9SROsgpCdu9uIQKUlWQHZrHG8ASaa_UIJTzA3ve0g38gKGlKqWyKF6XAbWYqHGAz4udI_nwqwMsF7yVhZtWw5XqLto8KMAyIDD-wQTqNxIkdZ3Q_MGpPCZuMOAC58jxxrP4Tp31ERKAvW1utfczzaHYwxHrc5sSeKtAyhQeto4u-XlVHpIsPtcwEMsqBjeHnOztCsS976j8yaOvDIqVjWNEZVir85tnixcd_pze_lTVI0A-qBihMJSrQL5I8xWbEFnZAXx18xwCE91jjYGbnwnSSASbRbTa4xuUX2yhk7KRj85OnLiYFBxSJEzgSQWQlpiJzRrfW5CWVi7wQHWAFoHDHPzSp-JbALKBjNYIa9LpWcrWcTcvdbM19_8ZpNeBdP5e-LaC4NoD220cZ7SlltIW49Aow6JpzOr1GDO7k6gLr1ug_7l3NaWXb4nBTHaLk8nyLuws5w3wACUPbWWCwXtlkKUatRuwlWbvOxfmmwpSsKm34FzDjrQjvcZeBrnWXceUyNPOvzTktejRNgQsabkHy5fVvZ417Fqmd2ygTkH2iwWlU5BS_MQyJZg-=w511-h341-no?authuser=0\" \/><\/a><\/td>\n<\/tr>\n<tr>\n<td style=\"text-align: center; font-family: arial,sans-serif; font-size: 11px;\">\u0130shak \u00c7elebi Camisi (2016)<\/td>\n<\/tr>\n<\/tbody>\n<\/table>\n<\/td>\n<\/tr>\n<tr>\n<td valign=\"top\">\n<table style=\"width: 220px;\">\n<tbody>\n<tr>\n<td style=\"background: url('http:\/\/picasaweb.google.com.tr\/s\/c\/transparent_album_background.gif') no-repeat scroll left center transparent; height: 200px;\" align=\"center\"><a href=\"https:\/\/photos.app.goo.gl\/JjfdYRUyPgtfPNGJ6\"><img decoding=\"async\" src=\"https:\/\/lh3.googleusercontent.com\/pw\/ACtC-3eNr9KnEkFKu1a04Zs4SGxBoKr-XzSl_fdsfMUNG_Y-PWXdj-E7r4b70LB1VChcUagFSglvzEkMYQdiUev0dcyJXs6X-KmNEQd1fleKfdZEmWmr5-RB1z_g5MG3IdbxcrgevklooAiHqinFrD47G40z=w1135-h757-no?authuser=0\" \/><\/a><\/td>\n<\/tr>\n<tr>\n<td style=\"text-align: center; font-family: arial,sans-serif; font-size: 11px;\">Tetova (2016)<\/td>\n<\/tr>\n<\/tbody>\n<\/table>\n<\/td>\n<td valign=\"top\">\n<table style=\"width: 220px;\">\n<tbody>\n<tr>\n<td style=\"background: url('http:\/\/picasaweb.google.com.tr\/s\/c\/transparent_album_background.gif') no-repeat scroll left center transparent; height: 200px;\" align=\"center\"><a href=\"https:\/\/photos.app.goo.gl\/xLXJrBqgkarUYFiK8\"><img decoding=\"async\" src=\"https:\/\/lh3.googleusercontent.com\/pw\/ACtC-3cza9cdfMRR1JmXQo09u-pfjZSBmfeF8nmOBo7a9lTRX7HcD4B8HRxQwUSyTuL3VhhqODojKe-WcO29CAkXXqwt8xI2oh_6Muf2nCHqJqy2Gv1jayusZoJTgK4qamTBqi2zEhynfdF1r29VtpWAbI_0=w1135-h757-no?authuser=0\" \/><\/a><\/td>\n<\/tr>\n<tr>\n<td style=\"text-align: center; font-family: arial,sans-serif; font-size: 11px;\">Kavadachi (2016)<\/td>\n<\/tr>\n<\/tbody>\n<\/table>\n<\/td>\n<td valign=\"top\">\n<table style=\"width: 220px;\">\n<tbody>\n<tr>\n<td style=\"background: url('http:\/\/picasaweb.google.com.tr\/s\/c\/transparent_album_background.gif') no-repeat scroll left center transparent; height: 200px;\" align=\"center\"><a href=\"https:\/\/photos.app.goo.gl\/G2LifefvzF4XBMNT8\"><img decoding=\"async\" src=\"https:\/\/lh3.googleusercontent.com\/pw\/ACtC-3fkCTdS2B7SquBufUfMRD5XrHh2ZNasuB-8IiAkpb6VOzRph9-hAY74FaYenLAJOP6cBjsabsoCuRvUjsPVwkVoaHC29qOnqRzVe7nmlDgKwQ0pRyBKOggiL2zzn-P3895XVVAQJU11XycTpL4eX6T3=w1135-h757-no?authuser=0\" \/><\/a><\/td>\n<\/tr>\n<tr>\n<td style=\"text-align: center; font-family: arial,sans-serif; font-size: 11px;\">Prilep (2016)<\/td>\n<\/tr>\n<\/tbody>\n<\/table>\n<\/td>\n<\/tr>\n<\/tbody>\n<\/table>\n","protected":false},"excerpt":{"rendered":"<p>\u00dcsk\u00fcp (2016) Matka \u00dcsk\u00fcp (2016) St. John Bigorski Manast\u0131r\u0131 (2016) Mavrova G\u00f6l\u00fc (2016) Struga (2016) Ohrid (2016) Naum Manast\u0131r\u0131 (2016) Vevcani (2016) Manast\u0131r (Bitola) (2016) Manast\u0131r \u0130dadisi (2016) Manast\u0131r M\u00fczesi (2016) \u0130shak \u00c7elebi Camisi (2016) Tetova (2016) Kavadachi (2016) Prilep (2016)<\/p>\n","protected":false},"author":1,"featured_media":8359,"parent":4633,"menu_order":0,"comment_status":"open","ping_status":"open","template":"","meta":{"footnotes":""},"class_list":["post-4711","page","type-page","status-publish","has-post-thumbnail","hentry"],"_links":{"self":[{"href":"https:\/\/xn--adal-oza.net\/index.php?rest_route=\/wp\/v2\/pages\/4711","targetHints":{"allow":["GET"]}}],"collection":[{"href":"https:\/\/xn--adal-oza.net\/index.php?rest_route=\/wp\/v2\/pages"}],"about":[{"href":"https:\/\/xn--adal-oza.net\/index.php?rest_route=\/wp\/v2\/types\/page"}],"author":[{"embeddable":true,"href":"https:\/\/xn--adal-oza.net\/index.php?rest_route=\/wp\/v2\/users\/1"}],"replies":[{"embeddable":true,"href":"https:\/\/xn--adal-oza.net\/index.php?rest_route=%2Fwp%2Fv2%2Fcomments&post=4711"}],"version-history":[{"count":4,"href":"https:\/\/xn--adal-oza.net\/index.php?rest_route=\/wp\/v2\/pages\/4711\/revisions"}],"predecessor-version":[{"id":8358,"href":"https:\/\/xn--adal-oza.net\/index.php?rest_route=\/wp\/v2\/pages\/4711\/revisions\/8358"}],"up":[{"embeddable":true,"href":"https:\/\/xn--adal-oza.net\/index.php?rest_route=\/wp\/v2\/pages\/4633"}],"wp:featuredmedia":[{"embeddable":true,"href":"https:\/\/xn--adal-oza.net\/index.php?rest_route=\/wp\/v2\/media\/8359"}],"wp:attachment":[{"href":"https:\/\/xn--adal-oza.net\/index.php?rest_route=%2Fwp%2Fv2%2Fmedia&parent=4711"}],"curies":[{"name":"wp","href":"https:\/\/api.w.org\/{rel}","templated":true}]}}