{"id":4733,"date":"2018-05-25T16:59:17","date_gmt":"2018-05-25T14:59:17","guid":{"rendered":"https:\/\/xn--adal-oza.net\/?page_id=4733"},"modified":"2018-06-13T16:26:57","modified_gmt":"2018-06-13T14:26:57","slug":"agri","status":"publish","type":"page","link":"https:\/\/xn--adal-oza.net\/?page_id=4733&lang=en","title":{"rendered":"Agri"},"content":{"rendered":"<table style=\"text-align: center;\" border=\"0\" width=\"100%\" cellspacing=\"0\" cellpadding=\"0\">\n<colgroup>\n<col width=\"%33\" \/>\n<col width=\"%33\" \/>\n<col width=\"%33\" \/> <\/colgroup>\n<tbody>\n<tr>\n<td style=\"background: transparent url('http:\/\/picasaweb.google.com.tr\/s\/c\/transparent_album_background.gif') no-repeat scroll left center; height: 200px;\" align=\"center\"><a href=\"https:\/\/goo.gl\/photos\/R1xukYqeDraWC7UX6\"><img loading=\"lazy\" decoding=\"async\" src=\"https:\/\/lh3.googleusercontent.com\/h4jA4lKT71POZNTNcZdm1OOhV3N4Yc5NaS065Ev9NLemCg7dbSRjbiasgd-QgZNS_aTXpF7FeViLuCiqZ3gR78C7NEo1ptEC0CkKoNq7yBdhVVjI7k9J-LkEIMt63rzB22WIcfJm7e2rZ4AcVAeiHwp81Yw_yNi60sg25lwH03hvCGKjYMZOmo_Mhc6SvOj18qkbReP20u4jCpZqVG3ujDjBK2_u4mMzAsaBJNM6T3EbCnQ98MshC4VBlsz3vF6JfTq1vNgUiimobt1hcuWdX-jx3_Bdo0_5nLEd8mFUzOBV2tu4pE1wXQYxuMIzLt-e4MRu34yZpe2zVAYpxmCOwKZrEEqsG0S9k2JhyX_DnMhr8r7g6SQOyKXRYB3lo_UscydBRsM3tAHoPqu37j4lDEbcDgYJN7FGy2ju_ICUWOiE4-CcjR0Jq9CtfkwoU1OVm7_-1CJdUmSnOwQ8gquz5vdjm2CXweCwdJG9kB4woOJdWaIfWMXnl-BN7BLS9m-MUc0Te7IVjVH_yEkgVV5rmE82=w1141-h761-no\" alt=\"\" width=\"180\" height=\"120\" \/><\/a><\/td>\n<td style=\"background: transparent url('http:\/\/picasaweb.google.com.tr\/s\/c\/transparent_album_background.gif') no-repeat scroll left center; height: 200px;\" align=\"center\"><a href=\"https:\/\/goo.gl\/photos\/tyN6LTGwTkbf9boN7\"><img loading=\"lazy\" decoding=\"async\" src=\"https:\/\/lh3.googleusercontent.com\/zz8wDS3zunyW8b6-hh96Yk4j6c3eRERzRaR1d_1rzH5IqlblSpAxeZRbyWC1IkgKfoH0n2fEfUtKHjIRNiZREZcRHnUxenQhZLoT7cQCVSFPiaxu70XMgUMqO7zo7kRU-X_AoyizwXxTK6lAh-sbxfOclbjxmUNso7AgnlLOVlXwhMpx_19McdTc_uQWhimg9Dgdq2goWW-cpRrV7xbWk_VukMxRlXaPCQxgwGDfSz3nAQbZpMFR57YJLBzQwQ1O7KoI2P8tDXiY_LGVhvkflY5wD29KrSRO4iLv53uOr3alovjcWJg_UWvOS9w14uCl83RZtt13H0ThLpUCzROqCWdRle8Qfn59cwd6HnocOSQXQCJHsIs-D5jg9U33w76BjpktQFeR_-uwWwdqiAPMtKZ30T92e8VhzojTfzoLnGgNHYjx-96wn07mtVQKOp0Romo_5iNAA0PS0IlEVLyHHTlWIPO8dubmFnf-sdOb94kfzsCoDDdcpdGMPpq4omwwRp0VvtNmR4sjw6M97DVT_6o4=w1141-h761-no\" alt=\"\" width=\"180\" height=\"120\" \/><\/a><\/td>\n<td style=\"background: transparent url('http:\/\/picasaweb.google.com.tr\/s\/c\/transparent_album_background.gif') no-repeat scroll left center; height: 200px;\" align=\"center\"><a href=\"https:\/\/goo.gl\/photos\/dwMUKC3g1zYeTmwo8\"><img loading=\"lazy\" decoding=\"async\" src=\"https:\/\/lh3.googleusercontent.com\/IPVw8EsMPSt9L98K9xR5zCT489VQsXfzH5PzacKLd2KAlHsnkgY8eD2I9oIEXmYMXEJ4PETBKASVXhVzE0JeTvuzDoqfPjCCV3zz_NKiogJMcuzUqJbfhQrkqTD7OCpgGO7t_QAdxS4bf0e2wiiEckvDlaK7J4G3SwD-jsyhLiXUlx30sAurr64nNxwIW9ffQFNUdkCLcV8nViCxGYpwZzOLD7JDVkR4tUyTcVPXVV-pSBuiFiZrZSlzLTKGZdg6ExNWc4mEjpAvDAqK58jE_yZQljlqAkI7_IC3DF_Xc11qbOHHuJggKDTzJVTwL-gYzFtisBFQOTAw2DOnzWoDEFXQ5u_J1tXuLqcw9uENr1bmMaJulCDTWj4mZX9Wf2jJFY48zpOwEs9i3w7ySr7hVtIMGIJsDLhjjocmiNZ4VaC7r2JGPcs2fpyCKhUYDUy0-vbjNPD7GzOxjvEUy4PRniqj-i1_K1xNAFgwU4bIl3StRy8fG1EG8kRFZfjxJ5KCA_XhpMN1rVyB5CNPrye0BtIb=w1141-h761-no\" alt=\"\" width=\"180\" height=\"120\" \/><\/a><\/td>\n<\/tr>\n<tr>\n<td style=\"text-align: center; font-family: arial,sans-serif; font-size: 11px;\">A\u011fr\u0131 Da\u011f\u0131<\/td>\n<td style=\"text-align: center; font-family: arial,sans-serif; font-size: 11px;\">Ishak Pa\u015fa Saray\u0131<\/td>\n<td style=\"text-align: center; font-family: arial,sans-serif; font-size: 11px;\">Ahmet-i Hani T\u00fcrbesi<\/td>\n<\/tr>\n<\/tbody>\n<\/table>\n","protected":false},"excerpt":{"rendered":"<p>A\u011fr\u0131 Da\u011f\u0131 Ishak Pa\u015fa Saray\u0131 Ahmet-i Hani T\u00fcrbesi<\/p>\n","protected":false},"author":1,"featured_media":6195,"parent":4728,"menu_order":0,"comment_status":"open","ping_status":"open","template":"","meta":{"footnotes":""},"class_list":["post-4733","page","type-page","status-publish","has-post-thumbnail","hentry"],"_links":{"self":[{"href":"https:\/\/xn--adal-oza.net\/index.php?rest_route=\/wp\/v2\/pages\/4733","targetHints":{"allow":["GET"]}}],"collection":[{"href":"https:\/\/xn--adal-oza.net\/index.php?rest_route=\/wp\/v2\/pages"}],"about":[{"href":"https:\/\/xn--adal-oza.net\/index.php?rest_route=\/wp\/v2\/types\/page"}],"author":[{"embeddable":true,"href":"https:\/\/xn--adal-oza.net\/index.php?rest_route=\/wp\/v2\/users\/1"}],"replies":[{"embeddable":true,"href":"https:\/\/xn--adal-oza.net\/index.php?rest_route=%2Fwp%2Fv2%2Fcomments&post=4733"}],"version-history":[{"count":3,"href":"https:\/\/xn--adal-oza.net\/index.php?rest_route=\/wp\/v2\/pages\/4733\/revisions"}],"predecessor-version":[{"id":6201,"href":"https:\/\/xn--adal-oza.net\/index.php?rest_route=\/wp\/v2\/pages\/4733\/revisions\/6201"}],"up":[{"embeddable":true,"href":"https:\/\/xn--adal-oza.net\/index.php?rest_route=\/wp\/v2\/pages\/4728"}],"wp:featuredmedia":[{"embeddable":true,"href":"https:\/\/xn--adal-oza.net\/index.php?rest_route=\/wp\/v2\/media\/6195"}],"wp:attachment":[{"href":"https:\/\/xn--adal-oza.net\/index.php?rest_route=%2Fwp%2Fv2%2Fmedia&parent=4733"}],"curies":[{"name":"wp","href":"https:\/\/api.w.org\/{rel}","templated":true}]}}