{"id":4757,"date":"2018-05-25T17:05:37","date_gmt":"2018-05-25T15:05:37","guid":{"rendered":"https:\/\/xn--adal-oza.net\/?page_id=4757"},"modified":"2019-05-10T02:45:18","modified_gmt":"2019-05-10T00:45:18","slug":"burdur","status":"publish","type":"page","link":"https:\/\/xn--adal-oza.net\/?page_id=4757&lang=en","title":{"rendered":"Burdur"},"content":{"rendered":"<table style=\"text-align: center;\" border=\"0\" width=\"100%\" cellspacing=\"0\" cellpadding=\"0\">\n<colgroup>\n<col width=\"%25\" \/>\n<col width=\"%25\" \/>\n<col width=\"%25\" \/>\n<col width=\"%25\" \/> <\/colgroup>\n<tbody>\n<tr>\n<td style=\"background: transparent url('http:\/\/picasaweb.google.com.tr\/s\/c\/transparent_album_background.gif') no-repeat scroll left center; height: 200px;\" align=\"center\"><a href=\"https:\/\/photos.app.goo.gl\/uk43KdRudnoBdAdX7\"><img loading=\"lazy\" decoding=\"async\" src=\"https:\/\/lh4.googleusercontent.com\/48E0HUGgX7S_-76FaHNYOTdfuEDpWpTghpYcStNqGoo=w270-h202-p-no\" alt=\"Foto\u011fraf\" width=\"180\" height=\"120\" \/><\/a><\/td>\n<td style=\"background: transparent url('http:\/\/picasaweb.google.com.tr\/s\/c\/transparent_album_background.gif') no-repeat scroll left center; height: 200px;\" align=\"center\"><a href=\"https:\/\/photos.app.goo.gl\/ZBk595mZTZT8vAu69\"><img loading=\"lazy\" decoding=\"async\" src=\"https:\/\/lh6.googleusercontent.com\/-48iIELN-Wqc\/S3AAZJP2XZE\/AAAAAAAALiY\/J9-AxOz1ocM\/w205-h142-p\/BurdurMuzesi\" alt=\"Foto\u011fraf\" width=\"180\" height=\"120\" \/><\/a><\/td>\n<td style=\"background: transparent url('http:\/\/picasaweb.google.com.tr\/s\/c\/transparent_album_background.gif') no-repeat scroll left center; height: 200px;\" align=\"center\"><a href=\"https:\/\/photos.app.goo.gl\/QV5Q57jhscL9d56V7\"><img loading=\"lazy\" decoding=\"async\" src=\"https:\/\/lh6.googleusercontent.com\/-m2RIQEQSWhk\/U_oGjmSi1ZE\/AAAAAAAALB0\/vqKaZaX-R2E\/w205-h142-p\/KocaOdaBakibeyKonag\" alt=\"Foto\u011fraf\" width=\"180\" height=\"120\" \/><\/a><\/td>\n<td style=\"background: transparent url('http:\/\/picasaweb.google.com.tr\/s\/c\/transparent_album_background.gif') no-repeat scroll left center; height: 200px;\" align=\"center\"><a href=\"https:\/\/photos.app.goo.gl\/E41tRnQ6gRA62jt18\"><img loading=\"lazy\" decoding=\"async\" src=\"https:\/\/lh3.googleusercontent.com\/-bZzYPEtVSBo\/U_oHjNTBl-E\/AAAAAAAALFE\/oOy3g7o4GI8\/w205-h142-p\/TasOda\" alt=\"Foto\u011fraf\" width=\"180\" height=\"120\" \/><\/a><\/td>\n<\/tr>\n<tr>\n<td style=\"text-align: center; font-family: arial,sans-serif; font-size: 11px;\">Burdur<\/td>\n<td style=\"text-align: center; font-family: arial,sans-serif; font-size: 11px;\">Burdur M\u00fczesi<\/td>\n<td style=\"text-align: center; font-family: arial,sans-serif; font-size: 11px;\">Kocaoda (Bakibey Kona\u011f\u0131)<\/td>\n<td style=\"text-align: center; font-family: arial,sans-serif; font-size: 11px;\">Ta\u015foda<\/td>\n<\/tr>\n<tr>\n<td style=\"background: transparent url('http:\/\/picasaweb.google.com.tr\/s\/c\/transparent_album_background.gif') no-repeat scroll left center; height: 200px;\" align=\"center\"><a href=\"https:\/\/photos.app.goo.gl\/rTbV6Qx6HKGmPycQ8\"><img loading=\"lazy\" decoding=\"async\" src=\"https:\/\/lh3.googleusercontent.com\/-TgSnD-wcSec\/S2_1M8ABscE\/AAAAAAAAAlY\/xDOvMlfF4iw\/w205-h142-p\/SaldaGolu\" alt=\"Foto\u011fraf\" width=\"180\" height=\"120\" \/><\/a><\/td>\n<td style=\"background: transparent url('http:\/\/picasaweb.google.com.tr\/s\/c\/transparent_album_background.gif') no-repeat scroll left center; height: 200px;\" align=\"center\"><a href=\"https:\/\/photos.app.goo.gl\/aLNQ1GzftzDuCBndA\"><img loading=\"lazy\" decoding=\"async\" src=\"https:\/\/lh5.googleusercontent.com\/-GcDkddl_AUI\/U_oVUXh-IqE\/AAAAAAAALlY\/q7DNP-PjBYQ\/w205-h142-p\/InsuyuMagaras\" alt=\"Foto\u011fraf\" width=\"180\" height=\"120\" \/><\/a><\/td>\n<td style=\"background: transparent url('http:\/\/picasaweb.google.com.tr\/s\/c\/transparent_album_background.gif') no-repeat scroll left center; height: 200px;\" align=\"center\"><a href=\"https:\/\/goo.gl\/photos\/JCr9vrHmRmW4KQSi7\"><img loading=\"lazy\" decoding=\"async\" class=\"aligncenter\" src=\"https:\/\/lh3.googleusercontent.com\/AV3to2r2RHOUkrbP1pJdx-qejD5JRrSczN42w5XyQKbY=w1156-h771-no\" alt=\"\" width=\"180\" height=\"120\" \/><\/a><\/td>\n<td><a href=\"https:\/\/goo.gl\/photos\/9p3mnFdDjiKytBQ26\"><img loading=\"lazy\" decoding=\"async\" class=\"aligncenter\" src=\"https:\/\/lh3.googleusercontent.com\/wF2YUc2rigN-VWH6rzOxNuJlfYwzL_F3LaJQ2zSkgkhh=w1156-h771-no\" alt=\"\" width=\"180\" height=\"120\" \/><\/a><\/td>\n<\/tr>\n<tr>\n<td style=\"text-align: center; font-family: arial,sans-serif; font-size: 11px;\">Salda G\u00f6l\u00fc<\/td>\n<td style=\"text-align: center; font-family: arial,sans-serif; font-size: 11px;\">\u0130nsuyu Ma\u011faras\u0131<\/td>\n<td style=\"text-align: center; font-family: arial,sans-serif; font-size: 11px;\">Susuz Han<\/td>\n<td style=\"text-align: center; font-family: arial,sans-serif; font-size: 11px;\">\u0130ncir Han<\/td>\n<\/tr>\n<tr>\n<td><a href=\"https:\/\/goo.gl\/photos\/auaf7jt8YqKm3Pvh9\"><img loading=\"lazy\" decoding=\"async\" src=\"https:\/\/lh3.googleusercontent.com\/rwCyOtizSECwSeNUaYTYqgZENDDxNW0GllGy2l2SE8E9=w1156-h771-no\" alt=\"\" width=\"180\" height=\"120\" \/><\/a><\/td>\n<td><a href=\"https:\/\/goo.gl\/photos\/fCSZcHX8F5AjZKHfA\"><img loading=\"lazy\" decoding=\"async\" src=\"https:\/\/lh3.googleusercontent.com\/lDoKB9eLIodenoUP5xf2X2uFLr5hQSWX0W6xnWkhjD0G=w1156-h771-no\" alt=\"\" width=\"180\" height=\"120\" \/><\/a><\/td>\n<td><a href=\"https:\/\/goo.gl\/photos\/z8fZALXjELYq5jzU8\"><img loading=\"lazy\" decoding=\"async\" class=\"aligncenter\" src=\"https:\/\/lh3.googleusercontent.com\/Fsx9MSnWYTiP_rxxUEPkBqNYX5xfsYgW6Vg1fzahekeb=w1156-h771-no\" alt=\"\" width=\"180\" height=\"120\" \/><\/a><\/td>\n<td><\/td>\n<\/tr>\n<tr>\n<td style=\"text-align: center; font-family: arial,sans-serif; font-size: 11px;\">Kibyra<\/td>\n<td style=\"text-align: center; font-family: arial,sans-serif; font-size: 11px;\">Kremna<\/td>\n<td style=\"text-align: center; font-family: arial,sans-serif; font-size: 11px;\">Hac\u0131lar H\u00f6y\u00fc\u011f\u00fc<\/td>\n<td style=\"text-align: center; font-family: arial,sans-serif; font-size: 11px;\"><\/td>\n<\/tr>\n<\/tbody>\n<\/table>\n","protected":false},"excerpt":{"rendered":"<p>Burdur Burdur M\u00fczesi Kocaoda (Bakibey Kona\u011f\u0131) Ta\u015foda Salda G\u00f6l\u00fc \u0130nsuyu Ma\u011faras\u0131 Susuz Han \u0130ncir Han Kibyra Kremna Hac\u0131lar H\u00f6y\u00fc\u011f\u00fc<\/p>\n","protected":false},"author":1,"featured_media":6332,"parent":4728,"menu_order":0,"comment_status":"open","ping_status":"open","template":"","meta":{"footnotes":""},"class_list":["post-4757","page","type-page","status-publish","has-post-thumbnail","hentry"],"_links":{"self":[{"href":"https:\/\/xn--adal-oza.net\/index.php?rest_route=\/wp\/v2\/pages\/4757","targetHints":{"allow":["GET"]}}],"collection":[{"href":"https:\/\/xn--adal-oza.net\/index.php?rest_route=\/wp\/v2\/pages"}],"about":[{"href":"https:\/\/xn--adal-oza.net\/index.php?rest_route=\/wp\/v2\/types\/page"}],"author":[{"embeddable":true,"href":"https:\/\/xn--adal-oza.net\/index.php?rest_route=\/wp\/v2\/users\/1"}],"replies":[{"embeddable":true,"href":"https:\/\/xn--adal-oza.net\/index.php?rest_route=%2Fwp%2Fv2%2Fcomments&post=4757"}],"version-history":[{"count":3,"href":"https:\/\/xn--adal-oza.net\/index.php?rest_route=\/wp\/v2\/pages\/4757\/revisions"}],"predecessor-version":[{"id":7615,"href":"https:\/\/xn--adal-oza.net\/index.php?rest_route=\/wp\/v2\/pages\/4757\/revisions\/7615"}],"up":[{"embeddable":true,"href":"https:\/\/xn--adal-oza.net\/index.php?rest_route=\/wp\/v2\/pages\/4728"}],"wp:featuredmedia":[{"embeddable":true,"href":"https:\/\/xn--adal-oza.net\/index.php?rest_route=\/wp\/v2\/media\/6332"}],"wp:attachment":[{"href":"https:\/\/xn--adal-oza.net\/index.php?rest_route=%2Fwp%2Fv2%2Fmedia&parent=4757"}],"curies":[{"name":"wp","href":"https:\/\/api.w.org\/{rel}","templated":true}]}}