{"id":4925,"date":"2018-05-25T17:21:29","date_gmt":"2018-05-25T15:21:29","guid":{"rendered":"https:\/\/xn--adal-oza.net\/?page_id=4925"},"modified":"2019-05-10T03:47:03","modified_gmt":"2019-05-10T01:47:03","slug":"plants","status":"publish","type":"page","link":"https:\/\/xn--adal-oza.net\/?page_id=4925&lang=en","title":{"rendered":"Plants"},"content":{"rendered":"<p>&nbsp;<\/p>\n<table style=\"text-align: center;\" border=\"0\" width=\"100%\" cellspacing=\"0\" cellpadding=\"0\">\n<colgroup>\n<col width=\"%25\" \/>\n<col width=\"%25\" \/>\n<col width=\"%25\" \/>\n<col width=\"%25\" \/> <\/colgroup>\n<tbody>\n<tr>\n<td style=\"background: transparent url('http:\/\/picasaweb.google.com.tr\/s\/c\/transparent_album_background.gif') no-repeat scroll left center; height: 200px;\" align=\"center\"><a href=\"https:\/\/photos.app.goo.gl\/pC2ebU1xGPfXSySN6\"><img loading=\"lazy\" decoding=\"async\" src=\"https:\/\/lh6.googleusercontent.com\/-K38TI95tSi0\/UnrByl5vR5I\/AAAAAAAAEWI\/iUx_3HFEsSQ\/w639-h643-no\/gul+-+3+%252802%2529.jpg\" alt=\"\" width=\"180\" height=\"180\" \/><\/a><\/td>\n<td style=\"background: transparent url('http:\/\/picasaweb.google.com.tr\/s\/c\/transparent_album_background.gif') no-repeat scroll left center; height: 200px;\" align=\"center\"><a href=\"https:\/\/photos.app.goo.gl\/5QvaDtS2GyoDhs3d7\"><img decoding=\"async\" src=\"https:\/\/lh3.googleusercontent.com\/-EA_GBEFncNY\/Unqqe3eqjIE\/AAAAAAAAElA\/sVd0lfgLjGk\/w188-h127-p\/Cicekler\" alt=\"Foto\u011fraf\" \/><\/a><\/td>\n<td style=\"background: transparent url('http:\/\/picasaweb.google.com.tr\/s\/c\/transparent_album_background.gif') no-repeat scroll left center; height: 200px;\" align=\"center\"><a href=\"https:\/\/photos.app.goo.gl\/eVpxm9PUxDVsvMBC7\"><img loading=\"lazy\" decoding=\"async\" class=\"aligncenter\" src=\"https:\/\/lh3.googleusercontent.com\/lyr10Q-ddaSG5WvYTGfev_aqURUB3RNtBoD5UcBf-MM0bIqKohjUWQmE58lj2IEPRMaVISb2AtnhJQ1RPeY792fa37EKj1xvHiKtQ--G-25TDWzUOOztN52d0TNDJ92ThjcKIHni7lVsSKHilw9-kBLdna6MiwPkvMIUfCNfAA9JYQEwUyXbbZHeccoO6xjKrD5YdpC40d6EpbY3EBqrzC0DPi1NbGj1egOuZsuDPK27ScVo7uvialaskB2y6q_ELOFRRYmJvjHYdO41x6Yn9sQJ7hj6W36aS0rB5dg9RnkGoQJZ-5Y-5s7ltKrhdfBL1IyxvLuaoVFkCAU15YyP9XOWKFZKcYrnhMcfqgjhuwZOdNninn4e5Kk6vlvhJ3RZAs0HGpLqY6wxURJy_YEEHDTsSOYTVLt1iC1blegq4PfX7PDSAflCvCa2qhagpNGDvJ2SAGHy8cZyhpuqerHJOTcY8-Rh2VN8Ueh8FOJrMfp6bnyWh2L7RmQFk3jQHTr-JKo2xwQEt63eYmRBMc9IjcOH2-PQ0LTUe2pr3zqs3Ew03El7mPLYfYZ-ocGrvCMGr7_Am6UO582K3BXTyfh1gieR10JrleNt=w1112-h742-no\" alt=\"\" width=\"180\" height=\"120\" \/><\/a><\/td>\n<td style=\"background: transparent url('http:\/\/picasaweb.google.com.tr\/s\/c\/transparent_album_background.gif') no-repeat scroll left center; height: 200px;\" align=\"center\"><a href=\"https:\/\/photos.app.goo.gl\/4JHG5vTcEej6xp1d6\"><img loading=\"lazy\" decoding=\"async\" class=\"\" src=\"https:\/\/lh3.googleusercontent.com\/Q22r7jSp1l79vmr57oiNb3cORMt44GN3pKlddGw7XDEy_4S1C0rBi7FuDBhoa_P1h1M1O4R7_VES9dMQu7SbsrqRq5SUBdItK3JQm8N7t4UQ5ei7My3OUzbJjakubcVnUPhfr7BbMynoi5cKFedvKhGltOrzdOqUI62ydiwnr4rZIczhGABE_mbrSGqICH4iHKUBYiMV7Ir-pEXpyJDAI0ZWA-fOFM-w6ezF1zjovwIYOo0VpsC3hpyLIebG4oyP7b6je-aHypjjAHdkbIuTtJF32LfOU9mfOXLwsUsb79aCFfwTzkAMepRXUZX-WoTiHzWw5FXdFP6_-og9tQOXiWtUVCre7OaBgfQW17oZvGuKv1ZWZVdN6tzGmhDc8RfanZPguaXwUmapUp4m82GcWEioL_B0_hW-vnc5b3Yup6Vyntt5Nm3vdG44E23Y4aPHo0FA0r0VwVdzc3RpIXOmWWB5TV58hZSn7MR80qhB6HTWd2HGU0quNmRmFb9QsyWs4Jw-SpeNsGgCHX8xNE5pugTIEq_rWA-9r-eI6uYxGY4mZXfsjQV07SCWqO607rFRdWEDQm3CZYQy-z72QA8THUsgM9OGMfHnACvxMqs3=w1766-h1175-no\" width=\"192\" height=\"128\" \/><\/a><\/td>\n<\/tr>\n<tr>\n<td style=\"text-align: center; font-family: arial,sans-serif; font-size: 11px;\">G\u00fcller<\/td>\n<td style=\"text-align: center; font-family: arial,sans-serif; font-size: 11px;\">\u00c7i\u00e7ekler<\/td>\n<td style=\"text-align: center; font-family: arial,sans-serif; font-size: 11px;\">Lavantalar<\/td>\n<td style=\"text-align: center; font-family: arial,sans-serif; font-size: 11px;\">Orkideler<\/td>\n<\/tr>\n<tr>\n<td><a href=\"https:\/\/photos.app.goo.gl\/wqqdHJkHZ9C3gMXy9\"><img loading=\"lazy\" decoding=\"async\" class=\"\" src=\"https:\/\/lh3.googleusercontent.com\/An7txmuXCzQivyyqsIS4oqfLcZx-LW7RNrxpFb-bfjcNK2onjarpGanHKM7okhmtdK6s5hZr_GfICnD4PrNZPyR4HO0DsAe0tHYeYC9nqilYtFw7FJy0Jw9HJGL0tqrNhczA08Lb2erfhicaoM41D7mLFdxYxznVuDUO2GuyK7RSanK6DPxiok5oZ7Ld1qqpvJGP4qYWSuMEyXkHj97UBFrZ38BQB8jMjgZ0yW8_iWB9BuLlqk4pg0GpLKFFUXfnVvlITO-ihtmfklPv0sNk8d3SO9Q6z-PgDLJWmtzyQ9lYVF-CCV2VLKHVicNGYYXqpw7qzRFnJsuY_EOeqtha_q_HmSr0q7rBMgzytLTY8igLsVStYosxzJNnGrBBw5P0_6XL5xc4uRHF7FpTc3n9M9XUrJmDbHjWC6iNgPGnYjprwhC4t4WXGCk_SVbgqleCfjg8T_T8iOxQJ5q76XxlC6CVqU4nqqNdg_PsR6gskEVnGoTu04OE4IpHfL7ZBssoZkzEkumZUqi8LmK8fqSUUFZIUFjXz-78VRPSEC7OBZSUS4hOHtnWctbjwLCoOVP5r7o8zMLvUZs1kiv9FX4tcCTeDMaFSafZxT2L-uNu=w1766-h1175-no\" width=\"192\" height=\"128\" \/><\/a><\/td>\n<td><a href=\"https:\/\/photos.app.goo.gl\/HxKtxxcPDyidQ8bg8\"><img decoding=\"async\" src=\"https:\/\/lh3.googleusercontent.com\/-r2z65sxR0c8\/UnrFQIbFtFE\/AAAAAAAAEps\/7S-IUvqMrN0\/w188-h127-p\/Agaclar\" alt=\"Foto\u011fraf\" \/><\/a><\/td>\n<td><\/td>\n<td><\/td>\n<\/tr>\n<tr>\n<td style=\"text-align: center; font-family: arial,sans-serif; font-size: 11px;\">Laleler<\/td>\n<td style=\"text-align: center; font-family: arial,sans-serif; font-size: 11px;\">A\u011fa\u00e7lar<\/td>\n<td style=\"text-align: center; font-family: arial,sans-serif; font-size: 11px;\"><\/td>\n<td style=\"text-align: center; font-family: arial,sans-serif; font-size: 11px;\"><\/td>\n<\/tr>\n<tr>\n<td><\/td>\n<td><\/td>\n<td><\/td>\n<td><\/td>\n<\/tr>\n<tr>\n<td style=\"text-align: center; font-family: arial,sans-serif; font-size: 11px;\"><\/td>\n<td style=\"text-align: center; font-family: arial,sans-serif; font-size: 11px;\"><\/td>\n<td style=\"text-align: center; font-family: arial,sans-serif; font-size: 11px;\"><\/td>\n<td style=\"text-align: center; font-family: arial,sans-serif; font-size: 11px;\"><\/td>\n<\/tr>\n<tr>\n<td><\/td>\n<td><\/td>\n<td><\/td>\n<td><\/td>\n<\/tr>\n<\/tbody>\n<\/table>\n","protected":false},"excerpt":{"rendered":"<p>&nbsp; G\u00fcller \u00c7i\u00e7ekler Lavantalar Orkideler Laleler A\u011fa\u00e7lar<\/p>\n","protected":false},"author":1,"featured_media":6561,"parent":0,"menu_order":0,"comment_status":"open","ping_status":"open","template":"","meta":{"footnotes":""},"class_list":["post-4925","page","type-page","status-publish","has-post-thumbnail","hentry"],"_links":{"self":[{"href":"https:\/\/xn--adal-oza.net\/index.php?rest_route=\/wp\/v2\/pages\/4925","targetHints":{"allow":["GET"]}}],"collection":[{"href":"https:\/\/xn--adal-oza.net\/index.php?rest_route=\/wp\/v2\/pages"}],"about":[{"href":"https:\/\/xn--adal-oza.net\/index.php?rest_route=\/wp\/v2\/types\/page"}],"author":[{"embeddable":true,"href":"https:\/\/xn--adal-oza.net\/index.php?rest_route=\/wp\/v2\/users\/1"}],"replies":[{"embeddable":true,"href":"https:\/\/xn--adal-oza.net\/index.php?rest_route=%2Fwp%2Fv2%2Fcomments&post=4925"}],"version-history":[{"count":4,"href":"https:\/\/xn--adal-oza.net\/index.php?rest_route=\/wp\/v2\/pages\/4925\/revisions"}],"predecessor-version":[{"id":7634,"href":"https:\/\/xn--adal-oza.net\/index.php?rest_route=\/wp\/v2\/pages\/4925\/revisions\/7634"}],"wp:featuredmedia":[{"embeddable":true,"href":"https:\/\/xn--adal-oza.net\/index.php?rest_route=\/wp\/v2\/media\/6561"}],"wp:attachment":[{"href":"https:\/\/xn--adal-oza.net\/index.php?rest_route=%2Fwp%2Fv2%2Fmedia&parent=4925"}],"curies":[{"name":"wp","href":"https:\/\/api.w.org\/{rel}","templated":true}]}}