{"id":5201,"date":"2018-05-26T09:49:58","date_gmt":"2018-05-26T07:49:58","guid":{"rendered":"https:\/\/xn--adal-oza.net\/?page_id=5201"},"modified":"2022-11-02T12:37:38","modified_gmt":"2022-11-02T10:37:38","slug":"eren-2016","status":"publish","type":"page","link":"https:\/\/xn--adal-oza.net\/?page_id=5201&lang=en","title":{"rendered":"Eren 2016"},"content":{"rendered":"<table style=\"text-align: center;\" border=\"0\" width=\"100%\" cellspacing=\"0\" cellpadding=\"0\">\n<colgroup>\n<col width=\"%20\" \/>\n<col width=\"%20\" \/>\n<col width=\"%20\" \/>\n<col width=\"%20\" \/>\n<col width=\"%20\" \/><\/colgroup>\n<tbody>\n<tr>\n<td style=\"background: transparent url('http:\/\/picasaweb.google.com.tr\/s\/c\/transparent_album_background.gif') no-repeat scroll left center; height: 200px;\" align=\"center\"><a href=\"https:\/\/goo.gl\/photos\/PfQCb7nEajcQ93D86\"><img loading=\"lazy\" decoding=\"async\" class=\"aligncenter\" src=\"https:\/\/lh3.googleusercontent.com\/_aVxae9fb_WZDHNE3JCG8ZTTqAl4irYR7SMait1QUIfqOATVB_DDDfOo4q35EEzH6rjKeIYjgl5TS9yelDanpgQRIJYP7LulG9Q6kUZxQMuQc0TSGg6dQ_7VA_B2txA3NNwmKg78tUISpmEaHOp3-QYrNOT4mYJpIshs9ikayWMHSi3MLVKA-m3RCMWd6e9Xd1oxV8ZC6FU-SN9vDe_NNe7xC-YFnPFYAKn15_5aDWMJ1p2kQA8fYldq-jkWx6_Df8brmyN3PBZT2prXSX1k_92AIi7mNvW4ftWMFmV6r9m27vU8eQT4_x62CzgC-XbDEln5u1e8JgrdG81djZU2eqhzz6BxNKRaGjTEu_7u8t-hQceYtJplfB11yUSV435nWxeHiDa6HM5yI_EDmtsXsPM7MUguaMAB_Ox0IYRLxVOb_qoaDdbDhsZ-UijtfZIYrEJ9yHsLEJSf15R6Xy4loQTL3zjQ-mTYlPCY7g9Gl3-LgCsRqADU1ekVTq4o-oiap9cRXgT0b-0N1SPdhUjrLgPGgEUik5ls5JP7k8Mw5z9OdY38LdKfr0zUTRVavZodYMOv=w330-h220-no\" alt=\"\" width=\"180\" height=\"120\" \/><\/a><\/td>\n<td style=\"background: transparent url('http:\/\/picasaweb.google.com.tr\/s\/c\/transparent_album_background.gif') no-repeat scroll left center; height: 200px;\" align=\"center\"><a href=\"https:\/\/goo.gl\/photos\/1hS2HmcHnfXcQygt8\"><img loading=\"lazy\" decoding=\"async\" class=\"aligncenter\" src=\"https:\/\/lh3.googleusercontent.com\/nwEuhqGZPrGvrphHUj-ZPRErsT1ggZten0FYvvpLM1QLWsoTrgJrzPOjWhxhsM002tcSUg3EXUsN9z__gyCzZiZIuMIn2Y7NnMnOzuCA-FOiqLHKg0MA10wZsLmYjy8VOV-BZY9NWXbwVjQjIXDfhkBFAvugrpPlKHo3CAKBGSci3jjnFFKHPgY58-URwXMoGgiE-QGwwW7M0CUBxyIxLxCFIy0QeiYWB-zM-V52tboJ5ULScSYJ-sqWIjYHcARLTVZaRqhP0aaeIESJsslKPXSlVLWRmnyIYmFQStbU9eS-OGa1sy1jPi39XiuYRM42NbAwRHxkp2909xGbjj-6l6gAT5AchpHVKg33eOHbS8tH6BrTdtACw9A470YbO6yvDwoS5q8di3ibSn9ma1CF6KdQ5yUxg8nAsi75ftO0XVmbfiDA5ek4ZFmm9MQuJ5l_R1FSxhGdMZOB316uPlS9N2K3zKGeAFu3QIXnjLXiV67LeYUQfjF9uCnQfp4BgCn6ExJrhIImq58RioKVP4pjXBCgev2nzgW_NH3I4MNFIYRL8ffPHn9DyaFohwg424nrKh6M=w504-h755-no\" alt=\"\" width=\"120\" height=\"180\" \/><\/a><\/td>\n<td style=\"background: transparent url('http:\/\/picasaweb.google.com.tr\/s\/c\/transparent_album_background.gif') no-repeat scroll left center; height: 200px;\" align=\"center\"><a href=\"https:\/\/goo.gl\/photos\/9BrnCroPTZqYMxwu6\"><img loading=\"lazy\" decoding=\"async\" class=\"aligncenter\" src=\"https:\/\/lh3.googleusercontent.com\/4fMEYZn2MUlCqWETqD6C4NsRULOJhIVt7WBSTygvX4ESfhotTqRd2vBb2qfhvthdMlrUhm8LGYFSOYSq4JZDC9ARGGHaTTcMYwV5mj7VFVybzuW8pGHE9RA60j0zucVL1bBdaEN3mxIYXsE4tIQWROvOMQYeMMwfebsIkFBa8j5fXKWVxRw2b5t4YM0CiAfMXs-KHQw6o_MWlLn1xVrUrcrasuGricLImwYXwv5xxx_jvJ31EL1GOYBtzPFpYgCwttUof-8ivlXIfEychwpzr4SJ5tDL2caAAR32ppFLBvwqaZ5_h9XR9d625IpePuRuPqe6cmA3WQtKxJ3CwGrqK07FyEMQ-GFuVTtxW1teSqODH8UNllk8OJxI-gvLsIYNFWy721aeBr9-Arv-KJ7oeibR1SrwI22yPK6nAVhXvT1oxDlMGd71TDGUyMx_vveZNSs2pj4nYPiKcg3sbXXZ_pAoGDlNZVZ7JXYi7ens5yWZE-kBnBd98HTesF6yUJW9aiRvJCM7NT58BTAlWh56KNS4-OkqdFV_zR863ZT4Q8l9dZMYPUIXsCNbzcDIV7dj3JP2=w1121-h758-no\" alt=\"\" width=\"180\" height=\"120\" \/><\/a><\/td>\n<td style=\"background: transparent url('http:\/\/picasaweb.google.com.tr\/s\/c\/transparent_album_background.gif') no-repeat scroll left center; height: 200px;\" align=\"center\"><a href=\"https:\/\/goo.gl\/photos\/C8f9s9YP3YTSkgHs6\"><img loading=\"lazy\" decoding=\"async\" class=\"aligncenter\" src=\"https:\/\/lh3.googleusercontent.com\/k7dymY30qWBQ5unl7CpUC-nc2QT1uCYQYw4GLIw04gPon_x7KrXE-3gVHZhRJAEUzALG8Lai7mE_W3Fbw7aV2rsFKcc69-x90Hacy3OQWfTV06yTNtP1RmWKS427T6GQG70MbXDmwmDKiA86_bJebZEGhom6bQawDcWqEe71IS-Gelv9IXAugwVdO0SXDonmygXd4G7JzKNJaCzB6PD60tyOJcsn5w-twVEjQlhJd8d-JF2WByNeXq8HibEw4A5GvJUd_ldfvCSs5RjCO5K6RbrgXZmuBLQwRyIVuu_Z9LVGSB3TbOlXuxzL5FRUvGLgo38rEMypvd-Kxl-YDrQ_yBufyTdYWM9b80iYjfNdIP-Bkj9VybAYMvgTNaEzpgzuIGbtgAuesRupMLQhGsmK-gA37YjG29a5OMgMicxAT1xXPZ3E8hMuZ1NYahaXrKGTQj8qzzmZrLVyk_zkwBqr3SYHIDJhlVWs-QLzHs3UqrXDluaYxdlLHqhtbDz0-4SKc_8xGV5YQOACIsn2E72cePBy61J2TAzPq2Bd3GPF6qPEuJNkbEIDJA3jzhSt2YPsrtSJ=w1136-h758-no\" alt=\"\" width=\"180\" height=\"120\" \/><\/a><\/td>\n<td style=\"background: transparent url('http:\/\/picasaweb.google.com.tr\/s\/c\/transparent_album_background.gif') no-repeat scroll left center; height: 200px;\" align=\"center\"><a href=\"https:\/\/goo.gl\/photos\/Fznh7Hk6wQzJhBgK9\"><img loading=\"lazy\" decoding=\"async\" class=\"aligncenter\" src=\"https:\/\/lh3.googleusercontent.com\/jX3XkEKyQpdeIzZed3pwpzKhifTTXHbd51IcE8K4TKfUuK4LLEeStrAthq47m7YzC1JgFL0mu-TQ6VSiheo61swqil5456Ezv-Wg6_wSrpwZoR-eGSotGunXegtjPILLAteH6Vf2og2nFqijUDooDd1JAqZIrdUnHjG0JIHbJevgZ2po19B_ODltCGDvs4h_n6q6wlZhD9TYLDDDNlZdD5vAITcfguKCmZKII2BnsmkLd4bhvr1xUiNLO4ITe1-dE5v2WGiJgW49nU_9AlWJJxVFl-aqF2pYM_y0f_CbslSnNbVbZSDW4u682wDSkDjt1pFx5171G03cQE4Iz_8hjfDP5QT6ya-yUuHTzw1oWMiwSQSGxJiper_aLc3U6RwwPvyw6lRTfIYN2UtVBxntz5jWO09upg2LbybemDGMREHrCV319W1d_ml7sYP4BCyLjTkGl2nlvww1tLqTGE0lGu03_1O2udeaHDHaiar4dt_Q8Hjsn6cTsoFxkcZcBdB_2GDDGi8mteoWFC14oGLeDPMwMfY2vzlBZbFVWXxaiN6nOlacZT56XRkK7M8iJe9nfbCM=w1353-h903-no\" alt=\"\" width=\"180\" height=\"120\" \/><\/a><\/td>\n<\/tr>\n<tr>\n<td style=\"text-align: center; font-family: arial,sans-serif; font-size: 11px;\">9 Ocak 2016 Piyano<\/td>\n<td style=\"text-align: center; font-family: arial,sans-serif; font-size: 11px;\">9 Ocak 2016 Basket<\/td>\n<td style=\"text-align: center; font-family: arial,sans-serif; font-size: 11px;\">16 Ocak 2016 Basketbol<\/td>\n<td style=\"text-align: center; font-family: arial,sans-serif; font-size: 11px;\">16 Ocak 2016<\/td>\n<td style=\"text-align: center; font-family: arial,sans-serif; font-size: 11px;\">3 Mart 2016 B\u00fcy\u00fckler K\u00fc\u00e7\u00fckler<\/td>\n<\/tr>\n<tr>\n<td style=\"background: transparent url('http:\/\/picasaweb.google.com.tr\/s\/c\/transparent_album_background.gif') no-repeat scroll left center; height: 200px;\" align=\"center\"><a href=\"https:\/\/photos.app.goo.gl\/x8xMACjNx16szhAT8\"><img loading=\"lazy\" decoding=\"async\" class=\"\" src=\"https:\/\/lh3.googleusercontent.com\/4XX-OFg4p829lRogl27SzwX-b3qdizjZgl4RCAj3rfGMhco-y7iGwxO51WXxxyYKuw7Q6Ki4lW3zjH-GJ2Y3xU4Bgjs6F37W0luHjKFdiDJGyZ1gXJO7HlauUMSrkVjick0CYuvoK2j_eXNpPLCq2E-10UTmihbIprRCq3YwDU9GSOWbztXl3sKqIQp9hFp4pfh4URhsUFWADWm2_ix4kjbXUhS2-sGZGNt-uuHKa0zN-CjhxOSknUckseras0uUIqUen_yJ1ZpyzNrkLNDe009GX9SbvAul6roXZGAdhxS6wY50ieHE-YDAXT18pZToFLRE655DvPqloEKXSXQhSSGhuR0Uq9apZcbXRjII281eX_pJoCYWhUQ5JziLYPVI-Pclx7JAPFGqXyZJF4_IT6hgajKhs1Z9-CEv1JOBmSuSH3qgsUHDnOlbNx7WHsZUuTBIRlgD__6W7mnjvkdY8-00d8NSF6S1MmzRplmomTKBj_iZRL6u8yJv_Y18l3QWhlVuCqBUWu-7ijEwyOkLdtrRaT7c5eGVyASmoUr_hpXp2dPmRPwE0q65-iF9Pzw2gihp0twy4JqVSJB6SZMbThVfISVWUcqYzdaNKtexgPvTQKvCtifvFZ2DZTS2jnK8mlS1YYoE6LVLGvZfYj5KUQzSAqExh2ZX_CPg0PcdpcewC2lTjnF3yfbqlReKEOblIR35Vh1yO0KpAe01bTkHCKrf5hNf9r25PX5032ZlqP-5LeGu6HXyimGBtj2FokFM7eZadKncO89Hb6j9Q_F1Gnh_kYKuRZw_1IFgWR05gZr9_XNLHDCeRcWLbA3-CQRYZMDxpns_Gkyaibz9Z-L9dhogowWod3dWNKbTS-otbacfN2esDfFJvPRaPVncs43vc7GyTM11YR0mPro0XrjNtkA7nURerm5RfdtK4Jh5HbI2K_hzoTqqZG896bsR2toDTovZTpYlgWJYqmZf_g=w1024-h681-no?authuser=1\" width=\"199\" height=\"132\" \/><\/a><\/td>\n<td style=\"background: transparent url('http:\/\/picasaweb.google.com.tr\/s\/c\/transparent_album_background.gif') no-repeat scroll left center; height: 200px;\" align=\"center\"><a href=\"https:\/\/goo.gl\/photos\/wDF7915tvwY99Qor7\"><img loading=\"lazy\" decoding=\"async\" class=\"aligncenter\" src=\"https:\/\/lh3.googleusercontent.com\/8BxL6hmbUAvbqIDjpvOMHvN8c_YKezx2b1JGihEUoNgrwc-iIEWH83Xfdue6QcRc3nEB5nbbjP2EVzaI1NVGU-OxSQ8I7xKhq9kyFdvUVNDyJQbABLV78cwzJ9rmf_EMjr_byP3_eVNradE8Nx5eyci-wLDaVNcSt7Pm7pqPFftcLNMwu59lg2qw6lO78_FtGBWVv6QLAl_EpcRqkMOjyhGdWZ7flvj4R3HzfqN60L_1UM992PL2Sm52Lh0DX-f1bLI44TMpFfWklG_thnKEYtz86oPfJhcxZmBbEm7rgZjr_kBIBHWIZ8_HIceNP6MhEV35EAWkBT6wZtPXzSSzDxAfWYk0qoeABPCUu_LYbRoUIR88WdjNuI35xHSb46X3fM26rlgYDvSwq8wkquoM2CmVD11PTG9_8VR3sKY-u0B9q3vepJzecRaq292Uhr7dvCSm3le7s1ABI2yXnUAqxX93Ba1wXhvW8Sq52i9gBI89-Fp8mcXZy7N3OIxRo6n6h2ecX_Epq8H4eIBURay5zwlm0X1THesvxq43cSNwB1TExSene-dow8yix1XY56fAZ1UxVZo-A-Pma6f42PHSO4dJqiXABDDVZKV6XYK-eqIljrPz=w1673-h1117-no\" alt=\"\" width=\"180\" height=\"120\" \/><\/a><\/td>\n<td style=\"background: transparent url('http:\/\/picasaweb.google.com.tr\/s\/c\/transparent_album_background.gif') no-repeat scroll left center; height: 200px;\" align=\"center\"><a href=\"https:\/\/goo.gl\/photos\/VaG8uRSpqknckptw7\"><img loading=\"lazy\" decoding=\"async\" class=\"aligncenter\" src=\"https:\/\/lh3.googleusercontent.com\/r_mHVc5fNNIZtPZbJprhQRAdCJFrZq0SUhlEn8lI41v9nv_Ix2I7AjfY8WoAoeG1wSMkiBBi6s5oWwxP_c0rajKkcItPVxrqUFwtCWUhqJBX9ZzJjRiSSPvHZLQGHqB2cH_TmadijGA-V59dqUNIJ5SaA5oXq6ynWujeEaLuocwZT-wyiS-XNAUoT9T0mO5jdiAe18Gf2j13u0ZykplaHCp9WBmUtb-nIOpfFyt12ENlFoRRR_kJjH878OzZNEQEnPv-GoIXe1hMDgBoaPx9EeJwF7NVZ80DJ7ykiqmjV9V1fZJ3KJFD4twPb-R97pjQHhgUnF4U32HPRE9yZUvJDDCRbLs5OoKfWlNoOEZksQHjKNEhs_nRak3UMLf7wBZtp1OJgk8SA6NOXdN5WKhMKZIuQ-OV55TTvuZ3qvMZKue6bN9MxECn4pam4Py-OHRYd0B8xs6KnRP2FTAkkJOzInqyfi-vHXVHaCkCdkCOtTggrh8Yb2sqP01QlOsDMZS2H7WR5uLs5l75g-HoBB64LnSmdSuc06jFzotU6cW-IrUfQnZgs7aqwOuayvUC_QXsYhaG4dwuX_msjO6cjjlnh5DY7gKwJoh6yJTlCGPojQUGVs2O=w1673-h1117-no\" alt=\"\" width=\"180\" height=\"120\" \/><\/a><\/td>\n<td style=\"background: transparent url('http:\/\/picasaweb.google.com.tr\/s\/c\/transparent_album_background.gif') no-repeat scroll left center; height: 200px;\" align=\"center\"><\/td>\n<td style=\"background: transparent url('http:\/\/picasaweb.google.com.tr\/s\/c\/transparent_album_background.gif') no-repeat scroll left center; height: 200px;\" align=\"center\"><\/td>\n<\/tr>\n<tr>\n<td style=\"text-align: center; font-family: arial,sans-serif; font-size: 11px;\">23 Nisan 2016<\/td>\n<td style=\"text-align: center; font-family: arial,sans-serif; font-size: 11px;\">12 Kas\u0131m 2016 Piyano<\/td>\n<td style=\"text-align: center; font-family: arial,sans-serif; font-size: 11px;\">12 Kas\u0131m 2016 Basketbol<\/td>\n<td style=\"text-align: center; font-family: arial,sans-serif; font-size: 11px;\"><\/td>\n<td style=\"text-align: center; font-family: arial,sans-serif; font-size: 11px;\"><\/td>\n<\/tr>\n<\/tbody>\n<\/table>\n","protected":false},"excerpt":{"rendered":"<p>9 Ocak 2016 Piyano 9 Ocak 2016 Basket 16 Ocak 2016 Basketbol 16 Ocak 2016 3 Mart 2016 B\u00fcy\u00fckler K\u00fc\u00e7\u00fckler 23 Nisan 2016 12 Kas\u0131m 2016 Piyano 12 Kas\u0131m 2016 Basketbol<\/p>\n","protected":false},"author":1,"featured_media":6847,"parent":5138,"menu_order":0,"comment_status":"open","ping_status":"open","template":"","meta":{"footnotes":""},"class_list":["post-5201","page","type-page","status-publish","has-post-thumbnail","hentry"],"_links":{"self":[{"href":"https:\/\/xn--adal-oza.net\/index.php?rest_route=\/wp\/v2\/pages\/5201","targetHints":{"allow":["GET"]}}],"collection":[{"href":"https:\/\/xn--adal-oza.net\/index.php?rest_route=\/wp\/v2\/pages"}],"about":[{"href":"https:\/\/xn--adal-oza.net\/index.php?rest_route=\/wp\/v2\/types\/page"}],"author":[{"embeddable":true,"href":"https:\/\/xn--adal-oza.net\/index.php?rest_route=\/wp\/v2\/users\/1"}],"replies":[{"embeddable":true,"href":"https:\/\/xn--adal-oza.net\/index.php?rest_route=%2Fwp%2Fv2%2Fcomments&post=5201"}],"version-history":[{"count":3,"href":"https:\/\/xn--adal-oza.net\/index.php?rest_route=\/wp\/v2\/pages\/5201\/revisions"}],"predecessor-version":[{"id":9085,"href":"https:\/\/xn--adal-oza.net\/index.php?rest_route=\/wp\/v2\/pages\/5201\/revisions\/9085"}],"up":[{"embeddable":true,"href":"https:\/\/xn--adal-oza.net\/index.php?rest_route=\/wp\/v2\/pages\/5138"}],"wp:featuredmedia":[{"embeddable":true,"href":"https:\/\/xn--adal-oza.net\/index.php?rest_route=\/wp\/v2\/media\/6847"}],"wp:attachment":[{"href":"https:\/\/xn--adal-oza.net\/index.php?rest_route=%2Fwp%2Fv2%2Fmedia&parent=5201"}],"curies":[{"name":"wp","href":"https:\/\/api.w.org\/{rel}","templated":true}]}}